{"id":366,"date":"2020-10-27T01:21:27","date_gmt":"2020-10-27T00:21:27","guid":{"rendered":"https:\/\/amu.pan.pl\/badaczka\/?page_id=366"},"modified":"2020-10-27T01:21:27","modified_gmt":"2020-10-27T00:21:27","slug":"program","status":"publish","type":"page","link":"https:\/\/amu.pan.pl\/badaczka\/edycja-2019\/program\/","title":{"rendered":"Program"},"content":{"rendered":"<p><b>Ramowy program 16 lutego 2019 r.:<\/b><\/p>\n<table>\n<tbody>\n<tr>\n<td valign=\"top\">10:30-11:15<\/td>\n<td>Rejestracja uczestnik\u00f3w<\/td>\n<\/tr>\n<tr>\n<td valign=\"top\">11.15-11.30<\/td>\n<td>Otwarcie konferencji<br \/>\n<em>dr hab. Anna Ajduk, Przewodnicz\u0105ca AMU<br \/>\nprof. Stanis\u0142aw Jerzy Czuczwar, Wiceprezes PAN<\/em><\/td>\n<\/tr>\n<tr>\n<td valign=\"top\">11.30-12.00<\/td>\n<td><b>Joanna Su\u0142kowska<\/b> &#8211; nauki matematyczno-przyrodnicze<\/td>\n<\/tr>\n<tr>\n<td valign=\"top\">12.00-12.30<\/td>\n<td><b>Anna Bro\u017cek<\/b> &#8211; nauki humanistyczne<\/td>\n<\/tr>\n<tr>\n<td valign=\"top\">12.30-13.00<\/td>\n<td>\u00a0<b>Monika Kwoka<\/b> &#8211; nauki techniczne<\/td>\n<\/tr>\n<tr>\n<td valign=\"top\">13.00-13.30<\/td>\n<td>lunch<\/td>\n<\/tr>\n<tr>\n<td valign=\"top\">13.30-15.00<\/td>\n<td>Dyskusje z przedstawicielkami r\u00f3\u017cnych dyscyplin naukowych<br \/>\n<strong>Stolik 1<\/strong> &#8211; nauki bio-medyczne: Maria G\u00f3rna i Magdalena Winiarska<br \/>\n<strong>Stolik 2<\/strong> &#8211; nauki o \u015brodowisku: Monika K\u0119dra i Agnieszka Kloch<br \/>\n<strong>Stolik 3<\/strong> &#8211; nauki \u015bcis\u0142e: Magdalena Osial i Joanna Su\u0142kowska<br \/>\n<strong>Stolik 4<\/strong> &#8211; nauki techniczne: Monika Kwoka i Katarzyna Matras-Posto\u0142ek<br \/>\n<strong>Stolik 5<\/strong> &#8211; nauki humanistyczne: Anna Bro\u017cek i Nicole Do\u0142owy-Rybi\u0144ska<br \/>\n<strong>Stolik 6<\/strong> &#8211; nauki spo\u0142eczne: Dominika Latusek i Agnieszka D\u0119bska<\/td>\n<\/tr>\n<\/tbody>\n<\/table>\n<p>Biogramy wyk\u0142adowczy\u0144 i moderatorek stolik\u00f3w s\u0105 dost\u0119pne w zak\u0142adce <a href=\"http:\/\/amu.pan.pl\/amu_old\/kobietywnauce\/prelegentki\/\">Prelegentki<\/a><\/p>\n","protected":false},"excerpt":{"rendered":"<p>Ramowy program 16 lutego 2019 r.: 10:30-11:15 Rejestracja uczestnik\u00f3w 11.15-11.30 Otwarcie konferencji dr hab. Anna Ajduk, Przewodnicz\u0105ca AMU prof. Stanis\u0142aw Jerzy Czuczwar, Wiceprezes PAN 11.30-12.00 Joanna Su\u0142kowska &#8211; nauki matematyczno-przyrodnicze 12.00-12.30 Anna Bro\u017cek &#8211; nauki humanistyczne 12.30-13.00 \u00a0Monika Kwoka &#8211; nauki techniczne 13.00-13.30 lunch 13.30-15.00 Dyskusje z przedstawicielkami r\u00f3\u017cnych dyscyplin naukowych Stolik 1 &#8211; nauki [&hellip;]<\/p>\n","protected":false},"author":2,"featured_media":0,"parent":369,"menu_order":0,"comment_status":"closed","ping_status":"closed","template":"","meta":{"_monsterinsights_skip_tracking":false,"_monsterinsights_sitenote_active":false,"_monsterinsights_sitenote_note":"","_monsterinsights_sitenote_category":0,"footnotes":""},"class_list":["post-366","page","type-page","status-publish","hentry"],"yoast_head":"<!-- This site is optimized with the Yoast SEO plugin v25.0 - https:\/\/yoast.com\/wordpress\/plugins\/seo\/ -->\n<title>Program - Zosta\u0144 badaczk\u0105!<\/title>\n<meta name=\"robots\" content=\"index, follow, max-snippet:-1, max-image-preview:large, max-video-preview:-1\" \/>\n<link rel=\"canonical\" href=\"https:\/\/amu.pan.pl\/badaczka\/edycja-2019\/program\/\" \/>\n<meta property=\"og:locale\" content=\"pl_PL\" \/>\n<meta property=\"og:type\" content=\"article\" \/>\n<meta property=\"og:title\" content=\"Program - Zosta\u0144 badaczk\u0105!\" \/>\n<meta property=\"og:description\" content=\"Ramowy program 16 lutego 2019 r.: 10:30-11:15 Rejestracja uczestnik\u00f3w 11.15-11.30 Otwarcie konferencji dr hab. Anna Ajduk, Przewodnicz\u0105ca AMU prof. Stanis\u0142aw Jerzy Czuczwar, Wiceprezes PAN 11.30-12.00 Joanna Su\u0142kowska &#8211; nauki matematyczno-przyrodnicze 12.00-12.30 Anna Bro\u017cek &#8211; nauki humanistyczne 12.30-13.00 \u00a0Monika Kwoka &#8211; nauki techniczne 13.00-13.30 lunch 13.30-15.00 Dyskusje z przedstawicielkami r\u00f3\u017cnych dyscyplin naukowych Stolik 1 &#8211; nauki [&hellip;]\" \/>\n<meta property=\"og:url\" content=\"https:\/\/amu.pan.pl\/badaczka\/edycja-2019\/program\/\" \/>\n<meta property=\"og:site_name\" content=\"Zosta\u0144 badaczk\u0105!\" \/>\n<meta property=\"og:image\" content=\"https:\/\/amu.pan.pl\/badaczka\/wp-content\/uploads\/sites\/2\/2022\/01\/Screenshot_20220118_144240.png\" \/>\n\t<meta property=\"og:image:width\" content=\"1465\" \/>\n\t<meta property=\"og:image:height\" content=\"773\" \/>\n\t<meta property=\"og:image:type\" content=\"image\/png\" \/>\n<meta name=\"twitter:card\" content=\"summary_large_image\" \/>\n<meta name=\"twitter:label1\" content=\"Szacowany czas czytania\" \/>\n\t<meta name=\"twitter:data1\" content=\"1 minuta\" \/>\n<script type=\"application\/ld+json\" class=\"yoast-schema-graph\">{\"@context\":\"https:\/\/schema.org\",\"@graph\":[{\"@type\":\"WebPage\",\"@id\":\"https:\/\/amu.pan.pl\/badaczka\/edycja-2019\/program\/\",\"url\":\"https:\/\/amu.pan.pl\/badaczka\/edycja-2019\/program\/\",\"name\":\"Program - Zosta\u0144 badaczk\u0105!\",\"isPartOf\":{\"@id\":\"https:\/\/amu.pan.pl\/badaczka\/#website\"},\"datePublished\":\"2020-10-27T00:21:27+00:00\",\"breadcrumb\":{\"@id\":\"https:\/\/amu.pan.pl\/badaczka\/edycja-2019\/program\/#breadcrumb\"},\"inLanguage\":\"pl-PL\",\"potentialAction\":[{\"@type\":\"ReadAction\",\"target\":[\"https:\/\/amu.pan.pl\/badaczka\/edycja-2019\/program\/\"]}]},{\"@type\":\"BreadcrumbList\",\"@id\":\"https:\/\/amu.pan.pl\/badaczka\/edycja-2019\/program\/#breadcrumb\",\"itemListElement\":[{\"@type\":\"ListItem\",\"position\":1,\"name\":\"Strona g\u0142\u00f3wna\",\"item\":\"https:\/\/amu.pan.pl\/badaczka\/\"},{\"@type\":\"ListItem\",\"position\":2,\"name\":\"Edycja 2019\",\"item\":\"https:\/\/amu.pan.pl\/badaczka\/edycja-2019\/\"},{\"@type\":\"ListItem\",\"position\":3,\"name\":\"Program\"}]},{\"@type\":\"WebSite\",\"@id\":\"https:\/\/amu.pan.pl\/badaczka\/#website\",\"url\":\"https:\/\/amu.pan.pl\/badaczka\/\",\"name\":\"Zosta\u0144 badaczk\u0105!\",\"description\":\"Kobiety w nauce\",\"publisher\":{\"@id\":\"https:\/\/amu.pan.pl\/badaczka\/#organization\"},\"potentialAction\":[{\"@type\":\"SearchAction\",\"target\":{\"@type\":\"EntryPoint\",\"urlTemplate\":\"https:\/\/amu.pan.pl\/badaczka\/?s={search_term_string}\"},\"query-input\":{\"@type\":\"PropertyValueSpecification\",\"valueRequired\":true,\"valueName\":\"search_term_string\"}}],\"inLanguage\":\"pl-PL\"},{\"@type\":\"Organization\",\"@id\":\"https:\/\/amu.pan.pl\/badaczka\/#organization\",\"name\":\"Zosta\u0144 badaczk\u0105!\",\"url\":\"https:\/\/amu.pan.pl\/badaczka\/\",\"logo\":{\"@type\":\"ImageObject\",\"inLanguage\":\"pl-PL\",\"@id\":\"https:\/\/amu.pan.pl\/badaczka\/#\/schema\/logo\/image\/\",\"url\":\"https:\/\/amu.pan.pl\/badaczka\/wp-content\/uploads\/sites\/2\/2020\/11\/AMU_logo_mini.png\",\"contentUrl\":\"https:\/\/amu.pan.pl\/badaczka\/wp-content\/uploads\/sites\/2\/2020\/11\/AMU_logo_mini.png\",\"width\":150,\"height\":85,\"caption\":\"Zosta\u0144 badaczk\u0105!\"},\"image\":{\"@id\":\"https:\/\/amu.pan.pl\/badaczka\/#\/schema\/logo\/image\/\"}}]}<\/script>\n<!-- \/ Yoast SEO plugin. -->","yoast_head_json":{"title":"Program - Zosta\u0144 badaczk\u0105!","robots":{"index":"index","follow":"follow","max-snippet":"max-snippet:-1","max-image-preview":"max-image-preview:large","max-video-preview":"max-video-preview:-1"},"canonical":"https:\/\/amu.pan.pl\/badaczka\/edycja-2019\/program\/","og_locale":"pl_PL","og_type":"article","og_title":"Program - Zosta\u0144 badaczk\u0105!","og_description":"Ramowy program 16 lutego 2019 r.: 10:30-11:15 Rejestracja uczestnik\u00f3w 11.15-11.30 Otwarcie konferencji dr hab. Anna Ajduk, Przewodnicz\u0105ca AMU prof. Stanis\u0142aw Jerzy Czuczwar, Wiceprezes PAN 11.30-12.00 Joanna Su\u0142kowska &#8211; nauki matematyczno-przyrodnicze 12.00-12.30 Anna Bro\u017cek &#8211; nauki humanistyczne 12.30-13.00 \u00a0Monika Kwoka &#8211; nauki techniczne 13.00-13.30 lunch 13.30-15.00 Dyskusje z przedstawicielkami r\u00f3\u017cnych dyscyplin naukowych Stolik 1 &#8211; nauki [&hellip;]","og_url":"https:\/\/amu.pan.pl\/badaczka\/edycja-2019\/program\/","og_site_name":"Zosta\u0144 badaczk\u0105!","og_image":[{"width":1465,"height":773,"url":"https:\/\/amu.pan.pl\/badaczka\/wp-content\/uploads\/sites\/2\/2022\/01\/Screenshot_20220118_144240.png","type":"image\/png"}],"twitter_card":"summary_large_image","twitter_misc":{"Szacowany czas czytania":"1 minuta"},"schema":{"@context":"https:\/\/schema.org","@graph":[{"@type":"WebPage","@id":"https:\/\/amu.pan.pl\/badaczka\/edycja-2019\/program\/","url":"https:\/\/amu.pan.pl\/badaczka\/edycja-2019\/program\/","name":"Program - Zosta\u0144 badaczk\u0105!","isPartOf":{"@id":"https:\/\/amu.pan.pl\/badaczka\/#website"},"datePublished":"2020-10-27T00:21:27+00:00","breadcrumb":{"@id":"https:\/\/amu.pan.pl\/badaczka\/edycja-2019\/program\/#breadcrumb"},"inLanguage":"pl-PL","potentialAction":[{"@type":"ReadAction","target":["https:\/\/amu.pan.pl\/badaczka\/edycja-2019\/program\/"]}]},{"@type":"BreadcrumbList","@id":"https:\/\/amu.pan.pl\/badaczka\/edycja-2019\/program\/#breadcrumb","itemListElement":[{"@type":"ListItem","position":1,"name":"Strona g\u0142\u00f3wna","item":"https:\/\/amu.pan.pl\/badaczka\/"},{"@type":"ListItem","position":2,"name":"Edycja 2019","item":"https:\/\/amu.pan.pl\/badaczka\/edycja-2019\/"},{"@type":"ListItem","position":3,"name":"Program"}]},{"@type":"WebSite","@id":"https:\/\/amu.pan.pl\/badaczka\/#website","url":"https:\/\/amu.pan.pl\/badaczka\/","name":"Zosta\u0144 badaczk\u0105!","description":"Kobiety w nauce","publisher":{"@id":"https:\/\/amu.pan.pl\/badaczka\/#organization"},"potentialAction":[{"@type":"SearchAction","target":{"@type":"EntryPoint","urlTemplate":"https:\/\/amu.pan.pl\/badaczka\/?s={search_term_string}"},"query-input":{"@type":"PropertyValueSpecification","valueRequired":true,"valueName":"search_term_string"}}],"inLanguage":"pl-PL"},{"@type":"Organization","@id":"https:\/\/amu.pan.pl\/badaczka\/#organization","name":"Zosta\u0144 badaczk\u0105!","url":"https:\/\/amu.pan.pl\/badaczka\/","logo":{"@type":"ImageObject","inLanguage":"pl-PL","@id":"https:\/\/amu.pan.pl\/badaczka\/#\/schema\/logo\/image\/","url":"https:\/\/amu.pan.pl\/badaczka\/wp-content\/uploads\/sites\/2\/2020\/11\/AMU_logo_mini.png","contentUrl":"https:\/\/amu.pan.pl\/badaczka\/wp-content\/uploads\/sites\/2\/2020\/11\/AMU_logo_mini.png","width":150,"height":85,"caption":"Zosta\u0144 badaczk\u0105!"},"image":{"@id":"https:\/\/amu.pan.pl\/badaczka\/#\/schema\/logo\/image\/"}}]}},"_links":{"self":[{"href":"https:\/\/amu.pan.pl\/badaczka\/wp-json\/wp\/v2\/pages\/366","targetHints":{"allow":["GET"]}}],"collection":[{"href":"https:\/\/amu.pan.pl\/badaczka\/wp-json\/wp\/v2\/pages"}],"about":[{"href":"https:\/\/amu.pan.pl\/badaczka\/wp-json\/wp\/v2\/types\/page"}],"author":[{"embeddable":true,"href":"https:\/\/amu.pan.pl\/badaczka\/wp-json\/wp\/v2\/users\/2"}],"replies":[{"embeddable":true,"href":"https:\/\/amu.pan.pl\/badaczka\/wp-json\/wp\/v2\/comments?post=366"}],"version-history":[{"count":1,"href":"https:\/\/amu.pan.pl\/badaczka\/wp-json\/wp\/v2\/pages\/366\/revisions"}],"predecessor-version":[{"id":374,"href":"https:\/\/amu.pan.pl\/badaczka\/wp-json\/wp\/v2\/pages\/366\/revisions\/374"}],"up":[{"embeddable":true,"href":"https:\/\/amu.pan.pl\/badaczka\/wp-json\/wp\/v2\/pages\/369"}],"wp:attachment":[{"href":"https:\/\/amu.pan.pl\/badaczka\/wp-json\/wp\/v2\/media?parent=366"}],"curies":[{"name":"wp","href":"https:\/\/api.w.org\/{rel}","templated":true}]}}