{"id":296,"date":"2019-10-08T12:47:05","date_gmt":"2019-10-08T10:47:05","guid":{"rendered":"https:\/\/amu.pan.pl\/test\/2019\/10\/08\/adrian-jusupovic\/"},"modified":"2021-05-31T13:33:02","modified_gmt":"2021-05-31T11:33:02","slug":"adrian-jusupovic","status":"publish","type":"page","link":"https:\/\/amu.pan.pl\/en\/adrian-jusupovic\/","title":{"rendered":"Adrian Jusupovi\u0107"},"content":{"rendered":"<p><img fetchpriority=\"high\" decoding=\"async\" class=\"size-full wp-image-295\" style=\"margin-left: auto;margin-right: auto\" src=\"https:\/\/amu.pan.pl\/wp-content\/uploads\/2019\/10\/I_A_Jusupovi.jpg\" alt=\"\" width=\"229\" height=\"316\" \/><\/p>\n<p><strong>Adrian Jusupovi\u0107<\/strong> <span data-sheets-formula-bar-text-style=\"font-size:13px;color:#000000;font-weight:normal;text-decoration:none;font-family:'Arial';font-style:normal;text-decoration-skip-ink:none;\">(ORCID 0000-0001-7734-0001)<\/span> - a graduate of the Institute of History at the University of Warsaw. In 2011, a doctorate at the Faculty of History of the University of Warsaw, in 2018 a habilitation at the Institute of History T. Manteuffel of the Polish Academy of Sciences. From July 1, 2019, professor of IH PAN. In 2007\u20132017, research internships at the Rhenish Frederick William University in Bonn, the University of T. \u0160ev\u010denki, Moscow State University. M. Lomonosov and the State Academy of Sciences of Belarus.<br \/>\nHe specializes in Polish-Ruthenian relations from the end of the 10th to the 14th century, source studies (monuments of Ruthenian literature), editing, prosopography and spelling. From 2018, a member of Ceraneum (Waldemar Ceran Center for Research on the History and Culture of the Mediterranean Basin and South-Eastern Europe). Organizer \/ co-organizer of conferences aimed at promoting research on medieval Rus.<br \/>\nAuthor \/ co-author of seven books and dozens of scientific and popular science articles. In September 2015, he was awarded a scholarship of the Ministry of Science and Higher Education for young outstanding scientists. In 2018, he was awarded the 2017 Eastern Review Award (25th Jubilee Edition) in the category: Edition of the Source, 1st prize in &quot;Studia \u0179r\u00f3d\u0142oznawcze&quot; im. Professor Stefan Krzysztof Kuczy\u0144ski for 2017 in the category of source editions and the 1st prize in the competition &quot;Historical Book of the Year&quot; awarded by the directors of Historical Institutes in Poland and the President of the Polish Historical Society for the work: Monumenta Poloniae Historica, Nova Series, Vol. XVI: Chronica Galician- Volinian. Chronica Romanoviciana, ediderunt, praefatione notisque instruxerunt, D. D\u0105browski, A. Jusupovi\u0107, Krakow-Warsaw 2017.<\/p>","protected":false},"excerpt":{"rendered":"<p>Adrian Jusupovi\u0107 (ORCID 0000-0001-7734-0001) \u2013 absolwent Instytutu Historycznego Uniwersytetu Warszawskiego. W 2011 r. doktorat na Wydziale Historycznym UW, w 2018 r. habilitacja w Instytucie Historii im. T. Manteuffla Polskiej Akademii Nauk. Od 1 lipca 2019 r. profesor IH PAN. W latach 2007\u20132017 sta\u017ce naukowe na Uniwersytecie Re\u0144skim Fryderyka Wilhelma w Bonn, Uniwersytecie im. T. \u0160ev\u010denki, [&hellip;]<\/p>","protected":false},"author":2,"featured_media":295,"parent":0,"menu_order":41,"comment_status":"open","ping_status":"open","template":"","meta":{"_monsterinsights_skip_tracking":false,"_monsterinsights_sitenote_active":false,"_monsterinsights_sitenote_note":"","_monsterinsights_sitenote_category":0,"footnotes":""},"class_list":["post-296","page","type-page","status-publish","has-post-thumbnail","hentry"],"yoast_head":"<!-- This site is optimized with the Yoast SEO plugin v25.0 - https:\/\/yoast.com\/wordpress\/plugins\/seo\/ -->\n<title>Adrian Jusupovi\u0107 - Akademia M\u0142odych Uczonych<\/title>\n<meta name=\"robots\" content=\"index, follow, max-snippet:-1, max-image-preview:large, max-video-preview:-1\" \/>\n<link rel=\"canonical\" href=\"https:\/\/amu.pan.pl\/en\/adrian-jusupovic\/\" \/>\n<meta property=\"og:locale\" content=\"en_GB\" \/>\n<meta property=\"og:type\" content=\"article\" \/>\n<meta property=\"og:title\" content=\"Adrian Jusupovi\u0107 - Akademia M\u0142odych Uczonych\" \/>\n<meta property=\"og:description\" content=\"Adrian Jusupovi\u0107 (ORCID 0000-0001-7734-0001) \u2013 absolwent Instytutu Historycznego Uniwersytetu Warszawskiego. W 2011 r. doktorat na Wydziale Historycznym UW, w 2018 r. habilitacja w Instytucie Historii im. T. Manteuffla Polskiej Akademii Nauk. Od 1 lipca 2019 r. profesor IH PAN. W latach 2007\u20132017 sta\u017ce naukowe na Uniwersytecie Re\u0144skim Fryderyka Wilhelma w Bonn, Uniwersytecie im. T. \u0160ev\u010denki, [&hellip;]\" \/>\n<meta property=\"og:url\" content=\"https:\/\/amu.pan.pl\/en\/adrian-jusupovic\/\" \/>\n<meta property=\"og:site_name\" content=\"Akademia M\u0142odych Uczonych\" \/>\n<meta property=\"article:publisher\" content=\"https:\/\/www.facebook.com\/AkademiaMlodychUczonych\/\" \/>\n<meta property=\"article:modified_time\" content=\"2021-05-31T11:33:02+00:00\" \/>\n<meta property=\"og:image\" content=\"https:\/\/amu.pan.pl\/wp-content\/uploads\/2019\/10\/I_A_Jusupovi.jpg\" \/>\n\t<meta property=\"og:image:width\" content=\"1616\" \/>\n\t<meta property=\"og:image:height\" content=\"1039\" \/>\n\t<meta property=\"og:image:type\" content=\"image\/jpeg\" \/>\n<meta name=\"twitter:card\" content=\"summary_large_image\" \/>\n<meta name=\"twitter:site\" content=\"@AMUPAN1\" \/>\n<meta name=\"twitter:label1\" content=\"Estimated reading time\" \/>\n\t<meta name=\"twitter:data1\" content=\"2 minutes\" \/>\n<script type=\"application\/ld+json\" class=\"yoast-schema-graph\">{\"@context\":\"https:\/\/schema.org\",\"@graph\":[{\"@type\":\"WebPage\",\"@id\":\"https:\/\/amu.pan.pl\/en\/adrian-jusupovic\/\",\"url\":\"https:\/\/amu.pan.pl\/en\/adrian-jusupovic\/\",\"name\":\"Adrian Jusupovi\u0107 - Akademia M\u0142odych Uczonych\",\"isPartOf\":{\"@id\":\"https:\/\/amu.pan.pl\/#website\"},\"primaryImageOfPage\":{\"@id\":\"https:\/\/amu.pan.pl\/en\/adrian-jusupovic\/#primaryimage\"},\"image\":{\"@id\":\"https:\/\/amu.pan.pl\/en\/adrian-jusupovic\/#primaryimage\"},\"thumbnailUrl\":\"https:\/\/amu.pan.pl\/wp-content\/uploads\/2019\/10\/I_A_Jusupovi.jpg\",\"datePublished\":\"2019-10-08T10:47:05+00:00\",\"dateModified\":\"2021-05-31T11:33:02+00:00\",\"breadcrumb\":{\"@id\":\"https:\/\/amu.pan.pl\/en\/adrian-jusupovic\/#breadcrumb\"},\"inLanguage\":\"en-GB\",\"potentialAction\":[{\"@type\":\"ReadAction\",\"target\":[\"https:\/\/amu.pan.pl\/en\/adrian-jusupovic\/\"]}]},{\"@type\":\"ImageObject\",\"inLanguage\":\"en-GB\",\"@id\":\"https:\/\/amu.pan.pl\/en\/adrian-jusupovic\/#primaryimage\",\"url\":\"https:\/\/amu.pan.pl\/wp-content\/uploads\/2019\/10\/I_A_Jusupovi.jpg\",\"contentUrl\":\"https:\/\/amu.pan.pl\/wp-content\/uploads\/2019\/10\/I_A_Jusupovi.jpg\",\"width\":1616,\"height\":1039},{\"@type\":\"BreadcrumbList\",\"@id\":\"https:\/\/amu.pan.pl\/en\/adrian-jusupovic\/#breadcrumb\",\"itemListElement\":[{\"@type\":\"ListItem\",\"position\":1,\"name\":\"Strona g\u0142\u00f3wna\",\"item\":\"https:\/\/amu.pan.pl\/\"},{\"@type\":\"ListItem\",\"position\":2,\"name\":\"Adrian Jusupovi\u0107\"}]},{\"@type\":\"WebSite\",\"@id\":\"https:\/\/amu.pan.pl\/#website\",\"url\":\"https:\/\/amu.pan.pl\/\",\"name\":\"Akademia M\u0142odych Uczonych\",\"description\":\"Polska Akademia Nauk\",\"publisher\":{\"@id\":\"https:\/\/amu.pan.pl\/#organization\"},\"potentialAction\":[{\"@type\":\"SearchAction\",\"target\":{\"@type\":\"EntryPoint\",\"urlTemplate\":\"https:\/\/amu.pan.pl\/?s={search_term_string}\"},\"query-input\":{\"@type\":\"PropertyValueSpecification\",\"valueRequired\":true,\"valueName\":\"search_term_string\"}}],\"inLanguage\":\"en-GB\"},{\"@type\":\"Organization\",\"@id\":\"https:\/\/amu.pan.pl\/#organization\",\"name\":\"Akademia M\u0142odych Uczonych\",\"url\":\"https:\/\/amu.pan.pl\/\",\"logo\":{\"@type\":\"ImageObject\",\"inLanguage\":\"en-GB\",\"@id\":\"https:\/\/amu.pan.pl\/#\/schema\/logo\/image\/\",\"url\":\"https:\/\/amu.pan.pl\/wp-content\/uploads\/2020\/08\/zz_amu.png\",\"contentUrl\":\"https:\/\/amu.pan.pl\/wp-content\/uploads\/2020\/08\/zz_amu.png\",\"width\":2794,\"height\":1016,\"caption\":\"Akademia M\u0142odych Uczonych\"},\"image\":{\"@id\":\"https:\/\/amu.pan.pl\/#\/schema\/logo\/image\/\"},\"sameAs\":[\"https:\/\/www.facebook.com\/AkademiaMlodychUczonych\/\",\"https:\/\/x.com\/AMUPAN1\"]}]}<\/script>\n<!-- \/ Yoast SEO plugin. -->","yoast_head_json":{"title":"Adrian Jusupovi\u0107 - Akademia M\u0142odych Uczonych","robots":{"index":"index","follow":"follow","max-snippet":"max-snippet:-1","max-image-preview":"max-image-preview:large","max-video-preview":"max-video-preview:-1"},"canonical":"https:\/\/amu.pan.pl\/en\/adrian-jusupovic\/","og_locale":"en_GB","og_type":"article","og_title":"Adrian Jusupovi\u0107 - Akademia M\u0142odych Uczonych","og_description":"Adrian Jusupovi\u0107 (ORCID 0000-0001-7734-0001) \u2013 absolwent Instytutu Historycznego Uniwersytetu Warszawskiego. W 2011 r. doktorat na Wydziale Historycznym UW, w 2018 r. habilitacja w Instytucie Historii im. T. Manteuffla Polskiej Akademii Nauk. Od 1 lipca 2019 r. profesor IH PAN. W latach 2007\u20132017 sta\u017ce naukowe na Uniwersytecie Re\u0144skim Fryderyka Wilhelma w Bonn, Uniwersytecie im. T. \u0160ev\u010denki, [&hellip;]","og_url":"https:\/\/amu.pan.pl\/en\/adrian-jusupovic\/","og_site_name":"Akademia M\u0142odych Uczonych","article_publisher":"https:\/\/www.facebook.com\/AkademiaMlodychUczonych\/","article_modified_time":"2021-05-31T11:33:02+00:00","og_image":[{"width":1616,"height":1039,"url":"https:\/\/amu.pan.pl\/wp-content\/uploads\/2019\/10\/I_A_Jusupovi.jpg","type":"image\/jpeg"}],"twitter_card":"summary_large_image","twitter_site":"@AMUPAN1","twitter_misc":{"Estimated reading time":"2 minutes"},"schema":{"@context":"https:\/\/schema.org","@graph":[{"@type":"WebPage","@id":"https:\/\/amu.pan.pl\/en\/adrian-jusupovic\/","url":"https:\/\/amu.pan.pl\/en\/adrian-jusupovic\/","name":"Adrian Jusupovi\u0107 - Akademia M\u0142odych Uczonych","isPartOf":{"@id":"https:\/\/amu.pan.pl\/#website"},"primaryImageOfPage":{"@id":"https:\/\/amu.pan.pl\/en\/adrian-jusupovic\/#primaryimage"},"image":{"@id":"https:\/\/amu.pan.pl\/en\/adrian-jusupovic\/#primaryimage"},"thumbnailUrl":"https:\/\/amu.pan.pl\/wp-content\/uploads\/2019\/10\/I_A_Jusupovi.jpg","datePublished":"2019-10-08T10:47:05+00:00","dateModified":"2021-05-31T11:33:02+00:00","breadcrumb":{"@id":"https:\/\/amu.pan.pl\/en\/adrian-jusupovic\/#breadcrumb"},"inLanguage":"en-GB","potentialAction":[{"@type":"ReadAction","target":["https:\/\/amu.pan.pl\/en\/adrian-jusupovic\/"]}]},{"@type":"ImageObject","inLanguage":"en-GB","@id":"https:\/\/amu.pan.pl\/en\/adrian-jusupovic\/#primaryimage","url":"https:\/\/amu.pan.pl\/wp-content\/uploads\/2019\/10\/I_A_Jusupovi.jpg","contentUrl":"https:\/\/amu.pan.pl\/wp-content\/uploads\/2019\/10\/I_A_Jusupovi.jpg","width":1616,"height":1039},{"@type":"BreadcrumbList","@id":"https:\/\/amu.pan.pl\/en\/adrian-jusupovic\/#breadcrumb","itemListElement":[{"@type":"ListItem","position":1,"name":"Strona g\u0142\u00f3wna","item":"https:\/\/amu.pan.pl\/"},{"@type":"ListItem","position":2,"name":"Adrian Jusupovi\u0107"}]},{"@type":"WebSite","@id":"https:\/\/amu.pan.pl\/#website","url":"https:\/\/amu.pan.pl\/","name":"Akademia M\u0142odych Uczonych","description":"Polska Akademia Nauk","publisher":{"@id":"https:\/\/amu.pan.pl\/#organization"},"potentialAction":[{"@type":"SearchAction","target":{"@type":"EntryPoint","urlTemplate":"https:\/\/amu.pan.pl\/?s={search_term_string}"},"query-input":{"@type":"PropertyValueSpecification","valueRequired":true,"valueName":"search_term_string"}}],"inLanguage":"en-GB"},{"@type":"Organization","@id":"https:\/\/amu.pan.pl\/#organization","name":"Akademia M\u0142odych Uczonych","url":"https:\/\/amu.pan.pl\/","logo":{"@type":"ImageObject","inLanguage":"en-GB","@id":"https:\/\/amu.pan.pl\/#\/schema\/logo\/image\/","url":"https:\/\/amu.pan.pl\/wp-content\/uploads\/2020\/08\/zz_amu.png","contentUrl":"https:\/\/amu.pan.pl\/wp-content\/uploads\/2020\/08\/zz_amu.png","width":2794,"height":1016,"caption":"Akademia M\u0142odych Uczonych"},"image":{"@id":"https:\/\/amu.pan.pl\/#\/schema\/logo\/image\/"},"sameAs":["https:\/\/www.facebook.com\/AkademiaMlodychUczonych\/","https:\/\/x.com\/AMUPAN1"]}]}},"_links":{"self":[{"href":"https:\/\/amu.pan.pl\/en\/wp-json\/wp\/v2\/pages\/296","targetHints":{"allow":["GET"]}}],"collection":[{"href":"https:\/\/amu.pan.pl\/en\/wp-json\/wp\/v2\/pages"}],"about":[{"href":"https:\/\/amu.pan.pl\/en\/wp-json\/wp\/v2\/types\/page"}],"author":[{"embeddable":true,"href":"https:\/\/amu.pan.pl\/en\/wp-json\/wp\/v2\/users\/2"}],"replies":[{"embeddable":true,"href":"https:\/\/amu.pan.pl\/en\/wp-json\/wp\/v2\/comments?post=296"}],"version-history":[{"count":1,"href":"https:\/\/amu.pan.pl\/en\/wp-json\/wp\/v2\/pages\/296\/revisions"}],"predecessor-version":[{"id":3518,"href":"https:\/\/amu.pan.pl\/en\/wp-json\/wp\/v2\/pages\/296\/revisions\/3518"}],"wp:featuredmedia":[{"embeddable":true,"href":"https:\/\/amu.pan.pl\/en\/wp-json\/wp\/v2\/media\/295"}],"wp:attachment":[{"href":"https:\/\/amu.pan.pl\/en\/wp-json\/wp\/v2\/media?parent=296"}],"curies":[{"name":"wp","href":"https:\/\/api.w.org\/{rel}","templated":true}]}}

Adrian Jusupović

<p><img fetchpriority="high" decoding="async" class="size-full wp-image-295" style="margin-left: auto;margin-right: auto" src="https://amu.pan.pl/wp-content/uploads/2019/10/I_A_Jusupovi.jpg" alt="" width="229" height="316" /></p>
<p><strong>Adrian Jusupović</strong> <span data-sheets-formula-bar-text-style="font-size:13px;color:#000000;font-weight:normal;text-decoration:none;font-family:'Arial';font-style:normal;text-decoration-skip-ink:none;">(ORCID 0000-0001-7734-0001)</span> - a graduate of the Institute of History at the University of Warsaw. In 2011, a doctorate at the Faculty of History of the University of Warsaw, in 2018 a habilitation at the Institute of History T. Manteuffel of the Polish Academy of Sciences. From July 1, 2019, professor of IH PAN. In 2007–2017, research internships at the Rhenish Frederick William University in Bonn, the University of T. Ševčenki, Moscow State University. M. Lomonosov and the State Academy of Sciences of Belarus.<br />
He specializes in Polish-Ruthenian relations from the end of the 10th to the 14th century, source studies (monuments of Ruthenian literature), editing, prosopography and spelling. From 2018, a member of Ceraneum (Waldemar Ceran Center for Research on the History and Culture of the Mediterranean Basin and South-Eastern Europe). Organizer / co-organizer of conferences aimed at promoting research on medieval Rus.<br />
Author / co-author of seven books and dozens of scientific and popular science articles. In September 2015, he was awarded a scholarship of the Ministry of Science and Higher Education for young outstanding scientists. In 2018, he was awarded the 2017 Eastern Review Award (25th Jubilee Edition) in the category: Edition of the Source, 1st prize in &quot;Studia Źródłoznawcze&quot; im. Professor Stefan Krzysztof Kuczyński for 2017 in the category of source editions and the 1st prize in the competition &quot;Historical Book of the Year&quot; awarded by the directors of Historical Institutes in Poland and the President of the Polish Historical Society for the work: Monumenta Poloniae Historica, Nova Series, Vol. XVI: Chronica Galician- Volinian. Chronica Romanoviciana, ediderunt, praefatione notisque instruxerunt, D. Dąbrowski, A. Jusupović, Krakow-Warsaw 2017.</p>

<p>Adrian Jusupović (ORCID 0000-0001-7734-0001) – absolwent Instytutu Historycznego Uniwersytetu Warszawskiego. W 2011 r. doktorat na Wydziale Historycznym UW, w 2018 r. habilitacja w Instytucie Historii im. T. Manteuffla Polskiej Akademii Nauk. Od 1 lipca 2019 r. profesor IH PAN. W latach 2007–2017 staże naukowe na Uniwersytecie Reńskim Fryderyka Wilhelma w Bonn, Uniwersytecie im. T. Ševčenki, [&hellip;]</p>

<!-- This site is optimized with the Yoast SEO plugin v25.0 - https://yoast.com/wordpress/plugins/seo/ -->
<title>Adrian Jusupović - Akademia Młodych Uczonych</title>
<meta name="robots" content="index, follow, max-snippet:-1, max-image-preview:large, max-video-preview:-1" />
<link rel="canonical" href="https://amu.pan.pl/en/adrian-jusupovic/" />
<meta property="og:locale" content="en_GB" />
<meta property="og:type" content="article" />
<meta property="og:title" content="Adrian Jusupović - Akademia Młodych Uczonych" />
<meta property="og:description" content="Adrian Jusupović (ORCID 0000-0001-7734-0001) – absolwent Instytutu Historycznego Uniwersytetu Warszawskiego. W 2011 r. doktorat na Wydziale Historycznym UW, w 2018 r. habilitacja w Instytucie Historii im. T. Manteuffla Polskiej Akademii Nauk. Od 1 lipca 2019 r. profesor IH PAN. W latach 2007–2017 staże naukowe na Uniwersytecie Reńskim Fryderyka Wilhelma w Bonn, Uniwersytecie im. T. Ševčenki, [&hellip;]" />
<meta property="og:url" content="https://amu.pan.pl/en/adrian-jusupovic/" />
<meta property="og:site_name" content="Akademia Młodych Uczonych" />
<meta property="article:publisher" content="https://www.facebook.com/AkademiaMlodychUczonych/" />
<meta property="article:modified_time" content="2021-05-31T11:33:02+00:00" />
<meta property="og:image" content="https://amu.pan.pl/wp-content/uploads/2019/10/I_A_Jusupovi.jpg" />
	<meta property="og:image:width" content="1616" />
	<meta property="og:image:height" content="1039" />
	<meta property="og:image:type" content="image/jpeg" />
<meta name="twitter:card" content="summary_large_image" />
<meta name="twitter:site" content="@AMUPAN1" />
<meta name="twitter:label1" content="Estimated reading time" />
	<meta name="twitter:data1" content="2 minutes" />
<script type="application/ld+json" class="yoast-schema-graph">{"@context":"https://schema.org","@graph":[{"@type":"WebPage","@id":"https://amu.pan.pl/en/adrian-jusupovic/","url":"https://amu.pan.pl/en/adrian-jusupovic/","name":"Adrian Jusupović - Akademia Młodych Uczonych","isPartOf":{"@id":"https://amu.pan.pl/#website"},"primaryImageOfPage":{"@id":"https://amu.pan.pl/en/adrian-jusupovic/#primaryimage"},"image":{"@id":"https://amu.pan.pl/en/adrian-jusupovic/#primaryimage"},"thumbnailUrl":"https://amu.pan.pl/wp-content/uploads/2019/10/I_A_Jusupovi.jpg","datePublished":"2019-10-08T10:47:05+00:00","dateModified":"2021-05-31T11:33:02+00:00","breadcrumb":{"@id":"https://amu.pan.pl/en/adrian-jusupovic/#breadcrumb"},"inLanguage":"en-GB","potentialAction":[{"@type":"ReadAction","target":["https://amu.pan.pl/en/adrian-jusupovic/"]}]},{"@type":"ImageObject","inLanguage":"en-GB","@id":"https://amu.pan.pl/en/adrian-jusupovic/#primaryimage","url":"https://amu.pan.pl/wp-content/uploads/2019/10/I_A_Jusupovi.jpg","contentUrl":"https://amu.pan.pl/wp-content/uploads/2019/10/I_A_Jusupovi.jpg","width":1616,"height":1039},{"@type":"BreadcrumbList","@id":"https://amu.pan.pl/en/adrian-jusupovic/#breadcrumb","itemListElement":[{"@type":"ListItem","position":1,"name":"Strona główna","item":"https://amu.pan.pl/"},{"@type":"ListItem","position":2,"name":"Adrian Jusupović"}]},{"@type":"WebSite","@id":"https://amu.pan.pl/#website","url":"https://amu.pan.pl/","name":"Akademia Młodych Uczonych","description":"Polska Akademia Nauk","publisher":{"@id":"https://amu.pan.pl/#organization"},"potentialAction":[{"@type":"SearchAction","target":{"@type":"EntryPoint","urlTemplate":"https://amu.pan.pl/?s={search_term_string}"},"query-input":{"@type":"PropertyValueSpecification","valueRequired":true,"valueName":"search_term_string"}}],"inLanguage":"en-GB"},{"@type":"Organization","@id":"https://amu.pan.pl/#organization","name":"Akademia Młodych Uczonych","url":"https://amu.pan.pl/","logo":{"@type":"ImageObject","inLanguage":"en-GB","@id":"https://amu.pan.pl/#/schema/logo/image/","url":"https://amu.pan.pl/wp-content/uploads/2020/08/zz_amu.png","contentUrl":"https://amu.pan.pl/wp-content/uploads/2020/08/zz_amu.png","width":2794,"height":1016,"caption":"Akademia Młodych Uczonych"},"image":{"@id":"https://amu.pan.pl/#/schema/logo/image/"},"sameAs":["https://www.facebook.com/AkademiaMlodychUczonych/","https://x.com/AMUPAN1"]}]}</script>
<!-- / Yoast SEO plugin. -->

Adrian Jusupović - Akademia Młodych Uczonych

Adrian Jusupović (ORCID 0000-0001-7734-0001) – absolwent Instytutu Historycznego Uniwersytetu Warszawskiego. W 2011 r. doktorat na Wydziale Historycznym UW, w 2018 r. habilitacja w Instytucie Historii im. T. Manteuffla Polskiej Akademii Nauk. Od 1 lipca 2019 r. profesor IH PAN. W latach 2007–2017 staże naukowe na Uniwersytecie Reńskim Fryderyka Wilhelma w Bonn, Uniwersytecie im. T. Ševčenki, [&hellip;]

Akademia Młodych Uczonych

Strona główna
