{"id":3244,"date":"2021-04-12T16:48:23","date_gmt":"2021-04-12T14:48:23","guid":{"rendered":"https:\/\/amu.pan.pl\/?page_id=3244"},"modified":"2021-04-12T17:41:07","modified_gmt":"2021-04-12T15:41:07","slug":"miedzynarodowa-akademia-kopernikanska","status":"publish","type":"page","link":"https:\/\/amu.pan.pl\/en\/aktualnosci\/miedzynarodowa-akademia-kopernikanska\/","title":{"rendered":"Mi\u0119dzynarodowa Akademia Kopernika\u0144ska"},"content":{"rendered":"<div class=\"wp-block-group\"><div class=\"wp-block-group__inner-container is-layout-flow wp-block-group-is-layout-flow\">\n<h2 class=\"wp-block-heading\">NPK a PAN<\/h2>\n\n\n\n\n\n\n<hr class=\"wp-block-separator\"\/>\n\n\n\n<div class=\"wp-block-image\"><figure class=\"aligncenter size-large is-resized\"><a href=\"https:\/\/people.f4.htw-berlin.de\/~weberwu\/simtexter\/app.html\"><img decoding=\"async\" src=\"https:\/\/amu.pan.pl\/wp-content\/uploads\/2021\/04\/obraz.png\" alt=\"\" class=\"wp-image-3258\" width=\"165\" height=\"28\" srcset=\"https:\/\/amu.pan.pl\/wp-content\/uploads\/2021\/04\/obraz.png 401w, https:\/\/amu.pan.pl\/wp-content\/uploads\/2021\/04\/obraz-300x51.png 300w, https:\/\/amu.pan.pl\/wp-content\/uploads\/2021\/04\/obraz-16x3.png 16w\" sizes=\"(max-width: 165px) 100vw, 165px\" \/><\/a><\/figure><\/div>\n<\/div><\/div>\n\n\n\n<p><\/p>","protected":false},"excerpt":{"rendered":"<p>NPK a PAN<\/p>","protected":false},"author":2,"featured_media":0,"parent":782,"menu_order":0,"comment_status":"closed","ping_status":"closed","template":"","meta":{"_monsterinsights_skip_tracking":false,"_monsterinsights_sitenote_active":false,"_monsterinsights_sitenote_note":"","_monsterinsights_sitenote_category":0,"neve_meta_sidebar":"full-width","neve_meta_container":"","neve_meta_enable_content_width":"on","neve_meta_content_width":100,"neve_meta_title_alignment":"","neve_meta_author_avatar":"","neve_post_elements_order":"","neve_meta_disable_header":"","neve_meta_disable_footer":"","neve_meta_disable_title":"","footnotes":""},"class_list":["post-3244","page","type-page","status-publish","hentry"],"yoast_head":"<!-- This site is optimized with the Yoast SEO plugin v25.0 - https:\/\/yoast.com\/wordpress\/plugins\/seo\/ -->\n<title>Mi\u0119dzynarodowa Akademia Kopernika\u0144ska - Akademia M\u0142odych Uczonych<\/title>\n<meta name=\"robots\" content=\"index, follow, max-snippet:-1, max-image-preview:large, max-video-preview:-1\" \/>\n<link rel=\"canonical\" href=\"https:\/\/amu.pan.pl\/en\/aktualnosci\/miedzynarodowa-akademia-kopernikanska\/\" \/>\n<meta property=\"og:locale\" content=\"en_GB\" \/>\n<meta property=\"og:type\" content=\"article\" \/>\n<meta property=\"og:title\" content=\"Mi\u0119dzynarodowa Akademia Kopernika\u0144ska - Akademia M\u0142odych Uczonych\" \/>\n<meta property=\"og:description\" content=\"NPK a PAN\" \/>\n<meta property=\"og:url\" content=\"https:\/\/amu.pan.pl\/en\/aktualnosci\/miedzynarodowa-akademia-kopernikanska\/\" \/>\n<meta property=\"og:site_name\" content=\"Akademia M\u0142odych Uczonych\" \/>\n<meta property=\"article:publisher\" content=\"https:\/\/www.facebook.com\/AkademiaMlodychUczonych\/\" \/>\n<meta property=\"article:modified_time\" content=\"2021-04-12T15:41:07+00:00\" \/>\n<meta property=\"og:image\" content=\"https:\/\/amu.pan.pl\/wp-content\/uploads\/2021\/04\/obraz.png\" \/>\n<meta name=\"twitter:card\" content=\"summary_large_image\" \/>\n<meta name=\"twitter:site\" content=\"@AMUPAN1\" \/>\n<script type=\"application\/ld+json\" class=\"yoast-schema-graph\">{\"@context\":\"https:\/\/schema.org\",\"@graph\":[{\"@type\":\"WebPage\",\"@id\":\"https:\/\/amu.pan.pl\/aktualnosci\/miedzynarodowa-akademia-kopernikanska\/\",\"url\":\"https:\/\/amu.pan.pl\/aktualnosci\/miedzynarodowa-akademia-kopernikanska\/\",\"name\":\"Mi\u0119dzynarodowa Akademia Kopernika\u0144ska - Akademia M\u0142odych Uczonych\",\"isPartOf\":{\"@id\":\"https:\/\/amu.pan.pl\/#website\"},\"primaryImageOfPage\":{\"@id\":\"https:\/\/amu.pan.pl\/aktualnosci\/miedzynarodowa-akademia-kopernikanska\/#primaryimage\"},\"image\":{\"@id\":\"https:\/\/amu.pan.pl\/aktualnosci\/miedzynarodowa-akademia-kopernikanska\/#primaryimage\"},\"thumbnailUrl\":\"https:\/\/amu.pan.pl\/wp-content\/uploads\/2021\/04\/obraz.png\",\"datePublished\":\"2021-04-12T14:48:23+00:00\",\"dateModified\":\"2021-04-12T15:41:07+00:00\",\"breadcrumb\":{\"@id\":\"https:\/\/amu.pan.pl\/aktualnosci\/miedzynarodowa-akademia-kopernikanska\/#breadcrumb\"},\"inLanguage\":\"en-GB\",\"potentialAction\":[{\"@type\":\"ReadAction\",\"target\":[\"https:\/\/amu.pan.pl\/aktualnosci\/miedzynarodowa-akademia-kopernikanska\/\"]}]},{\"@type\":\"ImageObject\",\"inLanguage\":\"en-GB\",\"@id\":\"https:\/\/amu.pan.pl\/aktualnosci\/miedzynarodowa-akademia-kopernikanska\/#primaryimage\",\"url\":\"https:\/\/amu.pan.pl\/wp-content\/uploads\/2021\/04\/obraz.png\",\"contentUrl\":\"https:\/\/amu.pan.pl\/wp-content\/uploads\/2021\/04\/obraz.png\"},{\"@type\":\"BreadcrumbList\",\"@id\":\"https:\/\/amu.pan.pl\/aktualnosci\/miedzynarodowa-akademia-kopernikanska\/#breadcrumb\",\"itemListElement\":[{\"@type\":\"ListItem\",\"position\":1,\"name\":\"Strona g\u0142\u00f3wna\",\"item\":\"https:\/\/amu.pan.pl\/\"},{\"@type\":\"ListItem\",\"position\":2,\"name\":\"Aktualno\u015bci\",\"item\":\"https:\/\/amu.pan.pl\/aktualnosci\/\"},{\"@type\":\"ListItem\",\"position\":3,\"name\":\"Mi\u0119dzynarodowa Akademia Kopernika\u0144ska\"}]},{\"@type\":\"WebSite\",\"@id\":\"https:\/\/amu.pan.pl\/#website\",\"url\":\"https:\/\/amu.pan.pl\/\",\"name\":\"Akademia M\u0142odych Uczonych\",\"description\":\"Polska Akademia Nauk\",\"publisher\":{\"@id\":\"https:\/\/amu.pan.pl\/#organization\"},\"potentialAction\":[{\"@type\":\"SearchAction\",\"target\":{\"@type\":\"EntryPoint\",\"urlTemplate\":\"https:\/\/amu.pan.pl\/?s={search_term_string}\"},\"query-input\":{\"@type\":\"PropertyValueSpecification\",\"valueRequired\":true,\"valueName\":\"search_term_string\"}}],\"inLanguage\":\"en-GB\"},{\"@type\":\"Organization\",\"@id\":\"https:\/\/amu.pan.pl\/#organization\",\"name\":\"Akademia M\u0142odych Uczonych\",\"url\":\"https:\/\/amu.pan.pl\/\",\"logo\":{\"@type\":\"ImageObject\",\"inLanguage\":\"en-GB\",\"@id\":\"https:\/\/amu.pan.pl\/#\/schema\/logo\/image\/\",\"url\":\"https:\/\/amu.pan.pl\/wp-content\/uploads\/2020\/08\/zz_amu.png\",\"contentUrl\":\"https:\/\/amu.pan.pl\/wp-content\/uploads\/2020\/08\/zz_amu.png\",\"width\":2794,\"height\":1016,\"caption\":\"Akademia M\u0142odych Uczonych\"},\"image\":{\"@id\":\"https:\/\/amu.pan.pl\/#\/schema\/logo\/image\/\"},\"sameAs\":[\"https:\/\/www.facebook.com\/AkademiaMlodychUczonych\/\",\"https:\/\/x.com\/AMUPAN1\"]}]}<\/script>\n<!-- \/ Yoast SEO plugin. -->","yoast_head_json":{"title":"Mi\u0119dzynarodowa Akademia Kopernika\u0144ska - Akademia M\u0142odych Uczonych","robots":{"index":"index","follow":"follow","max-snippet":"max-snippet:-1","max-image-preview":"max-image-preview:large","max-video-preview":"max-video-preview:-1"},"canonical":"https:\/\/amu.pan.pl\/en\/aktualnosci\/miedzynarodowa-akademia-kopernikanska\/","og_locale":"en_GB","og_type":"article","og_title":"Mi\u0119dzynarodowa Akademia Kopernika\u0144ska - Akademia M\u0142odych Uczonych","og_description":"NPK a PAN","og_url":"https:\/\/amu.pan.pl\/en\/aktualnosci\/miedzynarodowa-akademia-kopernikanska\/","og_site_name":"Akademia M\u0142odych Uczonych","article_publisher":"https:\/\/www.facebook.com\/AkademiaMlodychUczonych\/","article_modified_time":"2021-04-12T15:41:07+00:00","og_image":[{"url":"https:\/\/amu.pan.pl\/wp-content\/uploads\/2021\/04\/obraz.png","type":"","width":"","height":""}],"twitter_card":"summary_large_image","twitter_site":"@AMUPAN1","schema":{"@context":"https:\/\/schema.org","@graph":[{"@type":"WebPage","@id":"https:\/\/amu.pan.pl\/aktualnosci\/miedzynarodowa-akademia-kopernikanska\/","url":"https:\/\/amu.pan.pl\/aktualnosci\/miedzynarodowa-akademia-kopernikanska\/","name":"Mi\u0119dzynarodowa Akademia Kopernika\u0144ska - Akademia M\u0142odych Uczonych","isPartOf":{"@id":"https:\/\/amu.pan.pl\/#website"},"primaryImageOfPage":{"@id":"https:\/\/amu.pan.pl\/aktualnosci\/miedzynarodowa-akademia-kopernikanska\/#primaryimage"},"image":{"@id":"https:\/\/amu.pan.pl\/aktualnosci\/miedzynarodowa-akademia-kopernikanska\/#primaryimage"},"thumbnailUrl":"https:\/\/amu.pan.pl\/wp-content\/uploads\/2021\/04\/obraz.png","datePublished":"2021-04-12T14:48:23+00:00","dateModified":"2021-04-12T15:41:07+00:00","breadcrumb":{"@id":"https:\/\/amu.pan.pl\/aktualnosci\/miedzynarodowa-akademia-kopernikanska\/#breadcrumb"},"inLanguage":"en-GB","potentialAction":[{"@type":"ReadAction","target":["https:\/\/amu.pan.pl\/aktualnosci\/miedzynarodowa-akademia-kopernikanska\/"]}]},{"@type":"ImageObject","inLanguage":"en-GB","@id":"https:\/\/amu.pan.pl\/aktualnosci\/miedzynarodowa-akademia-kopernikanska\/#primaryimage","url":"https:\/\/amu.pan.pl\/wp-content\/uploads\/2021\/04\/obraz.png","contentUrl":"https:\/\/amu.pan.pl\/wp-content\/uploads\/2021\/04\/obraz.png"},{"@type":"BreadcrumbList","@id":"https:\/\/amu.pan.pl\/aktualnosci\/miedzynarodowa-akademia-kopernikanska\/#breadcrumb","itemListElement":[{"@type":"ListItem","position":1,"name":"Strona g\u0142\u00f3wna","item":"https:\/\/amu.pan.pl\/"},{"@type":"ListItem","position":2,"name":"Aktualno\u015bci","item":"https:\/\/amu.pan.pl\/aktualnosci\/"},{"@type":"ListItem","position":3,"name":"Mi\u0119dzynarodowa Akademia Kopernika\u0144ska"}]},{"@type":"WebSite","@id":"https:\/\/amu.pan.pl\/#website","url":"https:\/\/amu.pan.pl\/","name":"Akademia M\u0142odych Uczonych","description":"Polska Akademia Nauk","publisher":{"@id":"https:\/\/amu.pan.pl\/#organization"},"potentialAction":[{"@type":"SearchAction","target":{"@type":"EntryPoint","urlTemplate":"https:\/\/amu.pan.pl\/?s={search_term_string}"},"query-input":{"@type":"PropertyValueSpecification","valueRequired":true,"valueName":"search_term_string"}}],"inLanguage":"en-GB"},{"@type":"Organization","@id":"https:\/\/amu.pan.pl\/#organization","name":"Akademia M\u0142odych Uczonych","url":"https:\/\/amu.pan.pl\/","logo":{"@type":"ImageObject","inLanguage":"en-GB","@id":"https:\/\/amu.pan.pl\/#\/schema\/logo\/image\/","url":"https:\/\/amu.pan.pl\/wp-content\/uploads\/2020\/08\/zz_amu.png","contentUrl":"https:\/\/amu.pan.pl\/wp-content\/uploads\/2020\/08\/zz_amu.png","width":2794,"height":1016,"caption":"Akademia M\u0142odych Uczonych"},"image":{"@id":"https:\/\/amu.pan.pl\/#\/schema\/logo\/image\/"},"sameAs":["https:\/\/www.facebook.com\/AkademiaMlodychUczonych\/","https:\/\/x.com\/AMUPAN1"]}]}},"_links":{"self":[{"href":"https:\/\/amu.pan.pl\/en\/wp-json\/wp\/v2\/pages\/3244","targetHints":{"allow":["GET"]}}],"collection":[{"href":"https:\/\/amu.pan.pl\/en\/wp-json\/wp\/v2\/pages"}],"about":[{"href":"https:\/\/amu.pan.pl\/en\/wp-json\/wp\/v2\/types\/page"}],"author":[{"embeddable":true,"href":"https:\/\/amu.pan.pl\/en\/wp-json\/wp\/v2\/users\/2"}],"replies":[{"embeddable":true,"href":"https:\/\/amu.pan.pl\/en\/wp-json\/wp\/v2\/comments?post=3244"}],"version-history":[{"count":12,"href":"https:\/\/amu.pan.pl\/en\/wp-json\/wp\/v2\/pages\/3244\/revisions"}],"predecessor-version":[{"id":3262,"href":"https:\/\/amu.pan.pl\/en\/wp-json\/wp\/v2\/pages\/3244\/revisions\/3262"}],"up":[{"embeddable":true,"href":"https:\/\/amu.pan.pl\/en\/wp-json\/wp\/v2\/pages\/782"}],"wp:attachment":[{"href":"https:\/\/amu.pan.pl\/en\/wp-json\/wp\/v2\/media?parent=3244"}],"curies":[{"name":"wp","href":"https:\/\/api.w.org\/{rel}","templated":true}]}}

Międzynarodowa Akademia Kopernikańska

<!-- This site is optimized with the Yoast SEO plugin v25.0 - https://yoast.com/wordpress/plugins/seo/ -->
<title>Międzynarodowa Akademia Kopernikańska - Akademia Młodych Uczonych</title>
<meta name="robots" content="index, follow, max-snippet:-1, max-image-preview:large, max-video-preview:-1" />
<link rel="canonical" href="https://amu.pan.pl/en/aktualnosci/miedzynarodowa-akademia-kopernikanska/" />
<meta property="og:locale" content="en_GB" />
<meta property="og:type" content="article" />
<meta property="og:title" content="Międzynarodowa Akademia Kopernikańska - Akademia Młodych Uczonych" />
<meta property="og:description" content="NPK a PAN" />
<meta property="og:url" content="https://amu.pan.pl/en/aktualnosci/miedzynarodowa-akademia-kopernikanska/" />
<meta property="og:site_name" content="Akademia Młodych Uczonych" />
<meta property="article:publisher" content="https://www.facebook.com/AkademiaMlodychUczonych/" />
<meta property="article:modified_time" content="2021-04-12T15:41:07+00:00" />
<meta property="og:image" content="https://amu.pan.pl/wp-content/uploads/2021/04/obraz.png" />
<meta name="twitter:card" content="summary_large_image" />
<meta name="twitter:site" content="@AMUPAN1" />
<script type="application/ld+json" class="yoast-schema-graph">{"@context":"https://schema.org","@graph":[{"@type":"WebPage","@id":"https://amu.pan.pl/aktualnosci/miedzynarodowa-akademia-kopernikanska/","url":"https://amu.pan.pl/aktualnosci/miedzynarodowa-akademia-kopernikanska/","name":"Międzynarodowa Akademia Kopernikańska - Akademia Młodych Uczonych","isPartOf":{"@id":"https://amu.pan.pl/#website"},"primaryImageOfPage":{"@id":"https://amu.pan.pl/aktualnosci/miedzynarodowa-akademia-kopernikanska/#primaryimage"},"image":{"@id":"https://amu.pan.pl/aktualnosci/miedzynarodowa-akademia-kopernikanska/#primaryimage"},"thumbnailUrl":"https://amu.pan.pl/wp-content/uploads/2021/04/obraz.png","datePublished":"2021-04-12T14:48:23+00:00","dateModified":"2021-04-12T15:41:07+00:00","breadcrumb":{"@id":"https://amu.pan.pl/aktualnosci/miedzynarodowa-akademia-kopernikanska/#breadcrumb"},"inLanguage":"en-GB","potentialAction":[{"@type":"ReadAction","target":["https://amu.pan.pl/aktualnosci/miedzynarodowa-akademia-kopernikanska/"]}]},{"@type":"ImageObject","inLanguage":"en-GB","@id":"https://amu.pan.pl/aktualnosci/miedzynarodowa-akademia-kopernikanska/#primaryimage","url":"https://amu.pan.pl/wp-content/uploads/2021/04/obraz.png","contentUrl":"https://amu.pan.pl/wp-content/uploads/2021/04/obraz.png"},{"@type":"BreadcrumbList","@id":"https://amu.pan.pl/aktualnosci/miedzynarodowa-akademia-kopernikanska/#breadcrumb","itemListElement":[{"@type":"ListItem","position":1,"name":"Strona główna","item":"https://amu.pan.pl/"},{"@type":"ListItem","position":2,"name":"Aktualności","item":"https://amu.pan.pl/aktualnosci/"},{"@type":"ListItem","position":3,"name":"Międzynarodowa Akademia Kopernikańska"}]},{"@type":"WebSite","@id":"https://amu.pan.pl/#website","url":"https://amu.pan.pl/","name":"Akademia Młodych Uczonych","description":"Polska Akademia Nauk","publisher":{"@id":"https://amu.pan.pl/#organization"},"potentialAction":[{"@type":"SearchAction","target":{"@type":"EntryPoint","urlTemplate":"https://amu.pan.pl/?s={search_term_string}"},"query-input":{"@type":"PropertyValueSpecification","valueRequired":true,"valueName":"search_term_string"}}],"inLanguage":"en-GB"},{"@type":"Organization","@id":"https://amu.pan.pl/#organization","name":"Akademia Młodych Uczonych","url":"https://amu.pan.pl/","logo":{"@type":"ImageObject","inLanguage":"en-GB","@id":"https://amu.pan.pl/#/schema/logo/image/","url":"https://amu.pan.pl/wp-content/uploads/2020/08/zz_amu.png","contentUrl":"https://amu.pan.pl/wp-content/uploads/2020/08/zz_amu.png","width":2794,"height":1016,"caption":"Akademia Młodych Uczonych"},"image":{"@id":"https://amu.pan.pl/#/schema/logo/image/"},"sameAs":["https://www.facebook.com/AkademiaMlodychUczonych/","https://x.com/AMUPAN1"]}]}</script>
<!-- / Yoast SEO plugin. -->

Międzynarodowa Akademia Kopernikańska - Akademia Młodych Uczonych

Akademia Młodych Uczonych

Strona główna

Aktualności
