{"id":4325,"date":"2022-01-28T22:40:47","date_gmt":"2022-01-28T21:40:47","guid":{"rendered":"https:\/\/amu.pan.pl\/?page_id=4325"},"modified":"2022-01-28T22:42:13","modified_gmt":"2022-01-28T21:42:13","slug":"anna-klos","status":"publish","type":"page","link":"https:\/\/amu.pan.pl\/en\/anna-klos\/","title":{"rendered":"Anna K\u0142os"},"content":{"rendered":"<div data-elementor-type=\"wp-page\" data-elementor-id=\"4325\" class=\"elementor elementor-4325\">\n\t\t\t\t\t\t<section class=\"elementor-section elementor-top-section elementor-element elementor-element-1de5c9d elementor-section-boxed elementor-section-height-default elementor-section-height-default\" data-id=\"1de5c9d\" data-element_type=\"section\">\n\t\t\t\t\t\t<div class=\"elementor-container elementor-column-gap-default\">\n\t\t\t\t\t<div class=\"elementor-column elementor-col-100 elementor-top-column elementor-element elementor-element-8a2f0c3\" data-id=\"8a2f0c3\" data-element_type=\"column\">\n\t\t\t<div class=\"elementor-widget-wrap elementor-element-populated\">\n\t\t\t\t\t\t<div class=\"elementor-element elementor-element-77f2ee0 elementor-widget elementor-widget-heading\" data-id=\"77f2ee0\" data-element_type=\"widget\" data-widget_type=\"heading.default\">\n\t\t\t\t<div class=\"elementor-widget-container\">\n\t\t\t\t\t<h1 class=\"elementor-heading-title elementor-size-default\">Anna K\u0142os<\/h1>\t\t\t\t<\/div>\n\t\t\t\t<\/div>\n\t\t\t\t<div class=\"elementor-element elementor-element-1052273 elementor-widget elementor-widget-wp-widget-text\" data-id=\"1052273\" data-element_type=\"widget\" data-widget_type=\"wp-widget-text.default\">\n\t\t\t\t<div class=\"elementor-widget-container\">\n\t\t\t\t\t\t\t\t<div class=\"textwidget\"><p><img fetchpriority=\"high\" decoding=\"async\" class=\"wp-image-4327 size-medium alignleft\" src=\"https:\/\/amu.pan.pl\/wp-content\/uploads\/2022\/01\/Anna-Klos-3-225x300.jpeg\" alt=\"\" width=\"225\" height=\"300\" srcset=\"https:\/\/amu.pan.pl\/wp-content\/uploads\/2022\/01\/Anna-Klos-3-225x300.jpeg 225w, https:\/\/amu.pan.pl\/wp-content\/uploads\/2022\/01\/Anna-Klos-3-769x1024.jpeg 769w, https:\/\/amu.pan.pl\/wp-content\/uploads\/2022\/01\/Anna-Klos-3-768x1023.jpeg 768w, https:\/\/amu.pan.pl\/wp-content\/uploads\/2022\/01\/Anna-Klos-3-1154x1536.jpeg 1154w, https:\/\/amu.pan.pl\/wp-content\/uploads\/2022\/01\/Anna-Klos-3-1538x2048.jpeg 1538w, https:\/\/amu.pan.pl\/wp-content\/uploads\/2022\/01\/Anna-Klos-3-9x12.jpeg 9w, https:\/\/amu.pan.pl\/wp-content\/uploads\/2022\/01\/Anna-Klos-3-scaled.jpeg 1923w\" sizes=\"(max-width: 225px) 100vw, 225px\" \/><\/p>\n<p>She received her PhD in 2016 and was granted with habilitation in 2019. She is working at the Faculty of Civil Engineering and Geodesy of Military University of Technology, Warsaw, since 2013 and currently hosts a position of associated professor of MUT. During her work, she is analyzing the geodetic time series in a context of kinematic reference frames realization and possible climate change.<\/p>\n<p>She is a co-author of 32 scientific peer-reviewed papers in journals indexed by JCR and a co-author of 150 presentations given at the scientific meetings. She is a contractor in 18 scientific projects, including projects granted by European Union and by the Deutsche Forschungsgemeinschaft (DFG), and a leader in a project funded by National Science Center within SONATA-12 call. She received START scholarship funded by the Foundation for Polish Science (in 2018), scholarship for outstanding young scientists funded by the Ministry of Science and Higher Education (in 2020), scientific award of the IV Department of Technical Sciences of the Polish Academy of Sciences (in 2020) and scientific award for outstanding young scientists granted by European Geosciences Union (in 2021). She completed 9 internships in leading foreign scientific institutes, as University of Bonn, Deutsche GeoForschungsZentrum GFZ, University of Luxembourg or Royal Observatory of Belgium. She received 6 international scholarships. In 2019, she received a Visiting Professor position at the University of Bonn as a Mercator Fellow. She is an Associated Editor in the \u201eJournal of Geodesy\u201d and \u201eGPS Solutions\u201d journals. She is also the Editor-in-Chief of polish \u201cGeodesy and Cartography\u201d journal, which is published under the umbrella of the Committee of Geodesy of Polish Academy of Sciences. She is a member of Committee of Geodesy of Polish Academy of Sciences (2020-2024). She is a member of 7 international organizations and a chair in 2 international working groups of the International Association of Geodesy, \u201eTime series analysis in geodesy\u201d and \u201eAssessing impacts of loading on Reference Frame realizations\u201d. She is a Steering Committee member of the Inter-Commission Committee on \u201eGeodesy for Climate Research\u201d and holds a position of Science Officer within Geodesy division of European Geosciences Union. She gave 3 invited talks in foreign scientific institutes. She is a member of steering committee of Geodesy Section Outstanding Student Poster Awards within American Geosciences Union contest. She was an auxiliary supervisor of two PhD theses, and a supervisor in one PhD thesis. Currently, she is a supervisor of one PhD thesis.<\/p>\n<p>&nbsp;<\/p>\n<p>E-mail: <a href=\"mailto:anna.klos@wat.edu.pl\">anna.klos@wat.edu.pl<\/a><\/p>\n<p>ORCID-ID: <a href=\"https:\/\/orcid.org\/0000-0001-6742-8077\">https:\/\/orcid.org\/0000-0001-6742-8077<\/a><\/p>\n<p>ResearchGate: <a href=\"https:\/\/www.researchgate.net\/profile\/Anna_Klos\">https:\/\/www.researchgate.net\/profile\/Anna_Klos<\/a><\/p>\n<\/div>\n\t\t\t\t\t\t<\/div>\n\t\t\t\t<\/div>\n\t\t\t\t\t<\/div>\n\t\t<\/div>\n\t\t\t\t\t<\/div>\n\t\t<\/section>\n\t\t\t\t<\/div>","protected":false},"excerpt":{"rendered":"<p>Anna K\u0142os<\/p>","protected":false},"author":2,"featured_media":0,"parent":0,"menu_order":17,"comment_status":"open","ping_status":"open","template":"elementor_header_footer","meta":{"_monsterinsights_skip_tracking":false,"_monsterinsights_sitenote_active":false,"_monsterinsights_sitenote_note":"","_monsterinsights_sitenote_category":0,"footnotes":""},"class_list":["post-4325","page","type-page","status-publish","hentry"],"yoast_head":"<!-- This site is optimized with the Yoast SEO plugin v25.0 - https:\/\/yoast.com\/wordpress\/plugins\/seo\/ -->\n<title>Anna K\u0142os - Akademia M\u0142odych Uczonych<\/title>\n<meta name=\"robots\" content=\"index, follow, max-snippet:-1, max-image-preview:large, max-video-preview:-1\" \/>\n<link rel=\"canonical\" href=\"https:\/\/amu.pan.pl\/en\/anna-klos\/\" \/>\n<meta property=\"og:locale\" content=\"en_GB\" \/>\n<meta property=\"og:type\" content=\"article\" \/>\n<meta property=\"og:title\" content=\"Anna K\u0142os - Akademia M\u0142odych Uczonych\" \/>\n<meta property=\"og:description\" content=\"Anna K\u0142os\" \/>\n<meta property=\"og:url\" content=\"https:\/\/amu.pan.pl\/en\/anna-klos\/\" \/>\n<meta property=\"og:site_name\" content=\"Akademia M\u0142odych Uczonych\" \/>\n<meta property=\"article:publisher\" content=\"https:\/\/www.facebook.com\/AkademiaMlodychUczonych\/\" \/>\n<meta property=\"article:modified_time\" content=\"2022-01-28T21:42:13+00:00\" \/>\n<meta property=\"og:image\" content=\"https:\/\/amu.pan.pl\/wp-content\/uploads\/2020\/09\/AMU_logo.png\" \/>\n\t<meta property=\"og:image:width\" content=\"600\" \/>\n\t<meta property=\"og:image:height\" content=\"342\" \/>\n\t<meta property=\"og:image:type\" content=\"image\/png\" \/>\n<meta name=\"twitter:card\" content=\"summary_large_image\" \/>\n<meta name=\"twitter:site\" content=\"@AMUPAN1\" \/>\n<meta name=\"twitter:label1\" content=\"Estimated reading time\" \/>\n\t<meta name=\"twitter:data1\" content=\"2 minutes\" \/>\n<script type=\"application\/ld+json\" class=\"yoast-schema-graph\">{\"@context\":\"https:\/\/schema.org\",\"@graph\":[{\"@type\":\"WebPage\",\"@id\":\"https:\/\/amu.pan.pl\/anna-klos\/\",\"url\":\"https:\/\/amu.pan.pl\/anna-klos\/\",\"name\":\"Anna K\u0142os - Akademia M\u0142odych Uczonych\",\"isPartOf\":{\"@id\":\"https:\/\/amu.pan.pl\/#website\"},\"datePublished\":\"2022-01-28T21:40:47+00:00\",\"dateModified\":\"2022-01-28T21:42:13+00:00\",\"breadcrumb\":{\"@id\":\"https:\/\/amu.pan.pl\/anna-klos\/#breadcrumb\"},\"inLanguage\":\"en-GB\",\"potentialAction\":[{\"@type\":\"ReadAction\",\"target\":[\"https:\/\/amu.pan.pl\/anna-klos\/\"]}]},{\"@type\":\"BreadcrumbList\",\"@id\":\"https:\/\/amu.pan.pl\/anna-klos\/#breadcrumb\",\"itemListElement\":[{\"@type\":\"ListItem\",\"position\":1,\"name\":\"Strona g\u0142\u00f3wna\",\"item\":\"https:\/\/amu.pan.pl\/\"},{\"@type\":\"ListItem\",\"position\":2,\"name\":\"Anna K\u0142os\"}]},{\"@type\":\"WebSite\",\"@id\":\"https:\/\/amu.pan.pl\/#website\",\"url\":\"https:\/\/amu.pan.pl\/\",\"name\":\"Akademia M\u0142odych Uczonych\",\"description\":\"Polska Akademia Nauk\",\"publisher\":{\"@id\":\"https:\/\/amu.pan.pl\/#organization\"},\"potentialAction\":[{\"@type\":\"SearchAction\",\"target\":{\"@type\":\"EntryPoint\",\"urlTemplate\":\"https:\/\/amu.pan.pl\/?s={search_term_string}\"},\"query-input\":{\"@type\":\"PropertyValueSpecification\",\"valueRequired\":true,\"valueName\":\"search_term_string\"}}],\"inLanguage\":\"en-GB\"},{\"@type\":\"Organization\",\"@id\":\"https:\/\/amu.pan.pl\/#organization\",\"name\":\"Akademia M\u0142odych Uczonych\",\"url\":\"https:\/\/amu.pan.pl\/\",\"logo\":{\"@type\":\"ImageObject\",\"inLanguage\":\"en-GB\",\"@id\":\"https:\/\/amu.pan.pl\/#\/schema\/logo\/image\/\",\"url\":\"https:\/\/amu.pan.pl\/wp-content\/uploads\/2020\/08\/zz_amu.png\",\"contentUrl\":\"https:\/\/amu.pan.pl\/wp-content\/uploads\/2020\/08\/zz_amu.png\",\"width\":2794,\"height\":1016,\"caption\":\"Akademia M\u0142odych Uczonych\"},\"image\":{\"@id\":\"https:\/\/amu.pan.pl\/#\/schema\/logo\/image\/\"},\"sameAs\":[\"https:\/\/www.facebook.com\/AkademiaMlodychUczonych\/\",\"https:\/\/x.com\/AMUPAN1\"]}]}<\/script>\n<!-- \/ Yoast SEO plugin. -->","yoast_head_json":{"title":"Anna K\u0142os - Akademia M\u0142odych Uczonych","robots":{"index":"index","follow":"follow","max-snippet":"max-snippet:-1","max-image-preview":"max-image-preview:large","max-video-preview":"max-video-preview:-1"},"canonical":"https:\/\/amu.pan.pl\/en\/anna-klos\/","og_locale":"en_GB","og_type":"article","og_title":"Anna K\u0142os - Akademia M\u0142odych Uczonych","og_description":"Anna K\u0142os","og_url":"https:\/\/amu.pan.pl\/en\/anna-klos\/","og_site_name":"Akademia M\u0142odych Uczonych","article_publisher":"https:\/\/www.facebook.com\/AkademiaMlodychUczonych\/","article_modified_time":"2022-01-28T21:42:13+00:00","og_image":[{"width":600,"height":342,"url":"https:\/\/amu.pan.pl\/wp-content\/uploads\/2020\/09\/AMU_logo.png","type":"image\/png"}],"twitter_card":"summary_large_image","twitter_site":"@AMUPAN1","twitter_misc":{"Estimated reading time":"2 minutes"},"schema":{"@context":"https:\/\/schema.org","@graph":[{"@type":"WebPage","@id":"https:\/\/amu.pan.pl\/anna-klos\/","url":"https:\/\/amu.pan.pl\/anna-klos\/","name":"Anna K\u0142os - Akademia M\u0142odych Uczonych","isPartOf":{"@id":"https:\/\/amu.pan.pl\/#website"},"datePublished":"2022-01-28T21:40:47+00:00","dateModified":"2022-01-28T21:42:13+00:00","breadcrumb":{"@id":"https:\/\/amu.pan.pl\/anna-klos\/#breadcrumb"},"inLanguage":"en-GB","potentialAction":[{"@type":"ReadAction","target":["https:\/\/amu.pan.pl\/anna-klos\/"]}]},{"@type":"BreadcrumbList","@id":"https:\/\/amu.pan.pl\/anna-klos\/#breadcrumb","itemListElement":[{"@type":"ListItem","position":1,"name":"Strona g\u0142\u00f3wna","item":"https:\/\/amu.pan.pl\/"},{"@type":"ListItem","position":2,"name":"Anna K\u0142os"}]},{"@type":"WebSite","@id":"https:\/\/amu.pan.pl\/#website","url":"https:\/\/amu.pan.pl\/","name":"Akademia M\u0142odych Uczonych","description":"Polska Akademia Nauk","publisher":{"@id":"https:\/\/amu.pan.pl\/#organization"},"potentialAction":[{"@type":"SearchAction","target":{"@type":"EntryPoint","urlTemplate":"https:\/\/amu.pan.pl\/?s={search_term_string}"},"query-input":{"@type":"PropertyValueSpecification","valueRequired":true,"valueName":"search_term_string"}}],"inLanguage":"en-GB"},{"@type":"Organization","@id":"https:\/\/amu.pan.pl\/#organization","name":"Akademia M\u0142odych Uczonych","url":"https:\/\/amu.pan.pl\/","logo":{"@type":"ImageObject","inLanguage":"en-GB","@id":"https:\/\/amu.pan.pl\/#\/schema\/logo\/image\/","url":"https:\/\/amu.pan.pl\/wp-content\/uploads\/2020\/08\/zz_amu.png","contentUrl":"https:\/\/amu.pan.pl\/wp-content\/uploads\/2020\/08\/zz_amu.png","width":2794,"height":1016,"caption":"Akademia M\u0142odych Uczonych"},"image":{"@id":"https:\/\/amu.pan.pl\/#\/schema\/logo\/image\/"},"sameAs":["https:\/\/www.facebook.com\/AkademiaMlodychUczonych\/","https:\/\/x.com\/AMUPAN1"]}]}},"_links":{"self":[{"href":"https:\/\/amu.pan.pl\/en\/wp-json\/wp\/v2\/pages\/4325","targetHints":{"allow":["GET"]}}],"collection":[{"href":"https:\/\/amu.pan.pl\/en\/wp-json\/wp\/v2\/pages"}],"about":[{"href":"https:\/\/amu.pan.pl\/en\/wp-json\/wp\/v2\/types\/page"}],"author":[{"embeddable":true,"href":"https:\/\/amu.pan.pl\/en\/wp-json\/wp\/v2\/users\/2"}],"replies":[{"embeddable":true,"href":"https:\/\/amu.pan.pl\/en\/wp-json\/wp\/v2\/comments?post=4325"}],"version-history":[{"count":4,"href":"https:\/\/amu.pan.pl\/en\/wp-json\/wp\/v2\/pages\/4325\/revisions"}],"predecessor-version":[{"id":4330,"href":"https:\/\/amu.pan.pl\/en\/wp-json\/wp\/v2\/pages\/4325\/revisions\/4330"}],"wp:attachment":[{"href":"https:\/\/amu.pan.pl\/en\/wp-json\/wp\/v2\/media?parent=4325"}],"curies":[{"name":"wp","href":"https:\/\/api.w.org\/{rel}","templated":true}]}}

Anna Kłos

<div data-elementor-type="wp-page" data-elementor-id="4325" class="elementor elementor-4325">
						<section class="elementor-section elementor-top-section elementor-element elementor-element-1de5c9d elementor-section-boxed elementor-section-height-default elementor-section-height-default" data-id="1de5c9d" data-element_type="section">
						<div class="elementor-container elementor-column-gap-default">
					<div class="elementor-column elementor-col-100 elementor-top-column elementor-element elementor-element-8a2f0c3" data-id="8a2f0c3" data-element_type="column">
			<div class="elementor-widget-wrap elementor-element-populated">
						<div class="elementor-element elementor-element-77f2ee0 elementor-widget elementor-widget-heading" data-id="77f2ee0" data-element_type="widget" data-widget_type="heading.default">
				<div class="elementor-widget-container">
					<h1 class="elementor-heading-title elementor-size-default">Anna Kłos</h1>				</div>
				</div>
				<div class="elementor-element elementor-element-1052273 elementor-widget elementor-widget-wp-widget-text" data-id="1052273" data-element_type="widget" data-widget_type="wp-widget-text.default">
				<div class="elementor-widget-container">
								<div class="textwidget"><p><img fetchpriority="high" decoding="async" class="wp-image-4327 size-medium alignleft" src="https://amu.pan.pl/wp-content/uploads/2022/01/Anna-Klos-3-225x300.jpeg" alt="" width="225" height="300" srcset="https://amu.pan.pl/wp-content/uploads/2022/01/Anna-Klos-3-225x300.jpeg 225w, https://amu.pan.pl/wp-content/uploads/2022/01/Anna-Klos-3-769x1024.jpeg 769w, https://amu.pan.pl/wp-content/uploads/2022/01/Anna-Klos-3-768x1023.jpeg 768w, https://amu.pan.pl/wp-content/uploads/2022/01/Anna-Klos-3-1154x1536.jpeg 1154w, https://amu.pan.pl/wp-content/uploads/2022/01/Anna-Klos-3-1538x2048.jpeg 1538w, https://amu.pan.pl/wp-content/uploads/2022/01/Anna-Klos-3-9x12.jpeg 9w, https://amu.pan.pl/wp-content/uploads/2022/01/Anna-Klos-3-scaled.jpeg 1923w" sizes="(max-width: 225px) 100vw, 225px" /></p>
<p>She received her PhD in 2016 and was granted with habilitation in 2019. She is working at the Faculty of Civil Engineering and Geodesy of Military University of Technology, Warsaw, since 2013 and currently hosts a position of associated professor of MUT. During her work, she is analyzing the geodetic time series in a context of kinematic reference frames realization and possible climate change.</p>
<p>She is a co-author of 32 scientific peer-reviewed papers in journals indexed by JCR and a co-author of 150 presentations given at the scientific meetings. She is a contractor in 18 scientific projects, including projects granted by European Union and by the Deutsche Forschungsgemeinschaft (DFG), and a leader in a project funded by National Science Center within SONATA-12 call. She received START scholarship funded by the Foundation for Polish Science (in 2018), scholarship for outstanding young scientists funded by the Ministry of Science and Higher Education (in 2020), scientific award of the IV Department of Technical Sciences of the Polish Academy of Sciences (in 2020) and scientific award for outstanding young scientists granted by European Geosciences Union (in 2021). She completed 9 internships in leading foreign scientific institutes, as University of Bonn, Deutsche GeoForschungsZentrum GFZ, University of Luxembourg or Royal Observatory of Belgium. She received 6 international scholarships. In 2019, she received a Visiting Professor position at the University of Bonn as a Mercator Fellow. She is an Associated Editor in the „Journal of Geodesy” and „GPS Solutions” journals. She is also the Editor-in-Chief of polish “Geodesy and Cartography” journal, which is published under the umbrella of the Committee of Geodesy of Polish Academy of Sciences. She is a member of Committee of Geodesy of Polish Academy of Sciences (2020-2024). She is a member of 7 international organizations and a chair in 2 international working groups of the International Association of Geodesy, „Time series analysis in geodesy” and „Assessing impacts of loading on Reference Frame realizations”. She is a Steering Committee member of the Inter-Commission Committee on „Geodesy for Climate Research” and holds a position of Science Officer within Geodesy division of European Geosciences Union. She gave 3 invited talks in foreign scientific institutes. She is a member of steering committee of Geodesy Section Outstanding Student Poster Awards within American Geosciences Union contest. She was an auxiliary supervisor of two PhD theses, and a supervisor in one PhD thesis. Currently, she is a supervisor of one PhD thesis.</p>
<p>&nbsp;</p>
<p>E-mail: <a href="mailto:anna.klos@wat.edu.pl">anna.klos@wat.edu.pl</a></p>
<p>ORCID-ID: <a href="https://orcid.org/0000-0001-6742-8077">https://orcid.org/0000-0001-6742-8077</a></p>
<p>ResearchGate: <a href="https://www.researchgate.net/profile/Anna_Klos">https://www.researchgate.net/profile/Anna_Klos</a></p>
</div>
						</div>
				</div>
					</div>
		</div>
					</div>
		</section>
				</div>

<p>Anna Kłos</p>

<!-- This site is optimized with the Yoast SEO plugin v25.0 - https://yoast.com/wordpress/plugins/seo/ -->
<title>Anna Kłos - Akademia Młodych Uczonych</title>
<meta name="robots" content="index, follow, max-snippet:-1, max-image-preview:large, max-video-preview:-1" />
<link rel="canonical" href="https://amu.pan.pl/en/anna-klos/" />
<meta property="og:locale" content="en_GB" />
<meta property="og:type" content="article" />
<meta property="og:title" content="Anna Kłos - Akademia Młodych Uczonych" />
<meta property="og:description" content="Anna Kłos" />
<meta property="og:url" content="https://amu.pan.pl/en/anna-klos/" />
<meta property="og:site_name" content="Akademia Młodych Uczonych" />
<meta property="article:publisher" content="https://www.facebook.com/AkademiaMlodychUczonych/" />
<meta property="article:modified_time" content="2022-01-28T21:42:13+00:00" />
<meta property="og:image" content="https://amu.pan.pl/wp-content/uploads/2020/09/AMU_logo.png" />
	<meta property="og:image:width" content="600" />
	<meta property="og:image:height" content="342" />
	<meta property="og:image:type" content="image/png" />
<meta name="twitter:card" content="summary_large_image" />
<meta name="twitter:site" content="@AMUPAN1" />
<meta name="twitter:label1" content="Estimated reading time" />
	<meta name="twitter:data1" content="2 minutes" />
<script type="application/ld+json" class="yoast-schema-graph">{"@context":"https://schema.org","@graph":[{"@type":"WebPage","@id":"https://amu.pan.pl/anna-klos/","url":"https://amu.pan.pl/anna-klos/","name":"Anna Kłos - Akademia Młodych Uczonych","isPartOf":{"@id":"https://amu.pan.pl/#website"},"datePublished":"2022-01-28T21:40:47+00:00","dateModified":"2022-01-28T21:42:13+00:00","breadcrumb":{"@id":"https://amu.pan.pl/anna-klos/#breadcrumb"},"inLanguage":"en-GB","potentialAction":[{"@type":"ReadAction","target":["https://amu.pan.pl/anna-klos/"]}]},{"@type":"BreadcrumbList","@id":"https://amu.pan.pl/anna-klos/#breadcrumb","itemListElement":[{"@type":"ListItem","position":1,"name":"Strona główna","item":"https://amu.pan.pl/"},{"@type":"ListItem","position":2,"name":"Anna Kłos"}]},{"@type":"WebSite","@id":"https://amu.pan.pl/#website","url":"https://amu.pan.pl/","name":"Akademia Młodych Uczonych","description":"Polska Akademia Nauk","publisher":{"@id":"https://amu.pan.pl/#organization"},"potentialAction":[{"@type":"SearchAction","target":{"@type":"EntryPoint","urlTemplate":"https://amu.pan.pl/?s={search_term_string}"},"query-input":{"@type":"PropertyValueSpecification","valueRequired":true,"valueName":"search_term_string"}}],"inLanguage":"en-GB"},{"@type":"Organization","@id":"https://amu.pan.pl/#organization","name":"Akademia Młodych Uczonych","url":"https://amu.pan.pl/","logo":{"@type":"ImageObject","inLanguage":"en-GB","@id":"https://amu.pan.pl/#/schema/logo/image/","url":"https://amu.pan.pl/wp-content/uploads/2020/08/zz_amu.png","contentUrl":"https://amu.pan.pl/wp-content/uploads/2020/08/zz_amu.png","width":2794,"height":1016,"caption":"Akademia Młodych Uczonych"},"image":{"@id":"https://amu.pan.pl/#/schema/logo/image/"},"sameAs":["https://www.facebook.com/AkademiaMlodychUczonych/","https://x.com/AMUPAN1"]}]}</script>
<!-- / Yoast SEO plugin. -->

Anna Kłos - Akademia Młodych Uczonych

Akademia Młodych Uczonych

Strona główna
