{"id":17,"date":"2016-02-12T08:09:36","date_gmt":"2016-02-12T08:09:36","guid":{"rendered":"http:\/\/demos.famethemes.com\/onepress-oneify\/?page_id=17"},"modified":"2025-02-04T14:38:39","modified_gmt":"2025-02-04T13:38:39","slug":"our-history","status":"publish","type":"page","link":"https:\/\/amu.pan.pl\/kmn\/our-history\/","title":{"rendered":"O projekcie"},"content":{"rendered":"\t\t<div data-elementor-type=\"wp-page\" data-elementor-id=\"17\" class=\"elementor elementor-17\">\n\t\t\t\t\t\t<section class=\"elementor-section elementor-top-section elementor-element elementor-element-395f6f72 elementor-section-boxed elementor-section-height-default elementor-section-height-default\" data-id=\"395f6f72\" data-element_type=\"section\">\n\t\t\t\t\t\t<div class=\"elementor-container elementor-column-gap-default\">\n\t\t\t\t\t<div class=\"elementor-column elementor-col-100 elementor-top-column elementor-element elementor-element-7fbed1d6\" data-id=\"7fbed1d6\" data-element_type=\"column\">\n\t\t\t<div class=\"elementor-widget-wrap elementor-element-populated\">\n\t\t\t\t\t\t<div class=\"elementor-element elementor-element-50ac179e elementor-widget elementor-widget-text-editor\" data-id=\"50ac179e\" data-element_type=\"widget\" data-widget_type=\"text-editor.default\">\n\t\t\t\t<div class=\"elementor-widget-container\">\n\t\t\t\t\t\t\t\t\t<p>Projekt realizowany jest dzi\u0119ki dofinansowaniu ze \u015brodk\u00f3w bud\u017cetu pa\u0144stwa, przyznanych przez Ministra Nauki i Szkolnictwa Wy\u017cszego (MNiSW) w ramach Programu \u201eSpo\u0142eczna odpowiedzialno\u015b\u0107 nauki II &#8211; Popularyzacja nauki\u201d. Projekt koordynowany jest przez Instytut Gospodarki Surowcami Mineralnymi i Energi\u0105 PAN [https:\/\/min-pan.krakow.pl], wsp\u00f3\u0142organizatorem programu mentoringowo-szkoleniowego jest Akademia M\u0142odych Uczonych PAN [https:\/\/amu.pan.pl\/].<\/p>\n<p>Program mentoringowo-szkoleniowy &#8220;Kopalnia M\u0142odych Naukowc\u00f3w&#8221; podzielony jest na dwie cz\u0119\u015bci:<\/p>\n<ul>\n<li>cz\u0119\u015b\u0107 mentoringowo &#8211; szkoleniow\u0105 pt. &#8220;Naukowiec to wspania\u0142y zaw\u00f3d&#8221;, podczas kt\u00f3rej uczennice i uczniowie szk\u00f3\u0142 ponadpodstawowych b\u0119d\u0105 mieli okazj\u0119 uczestniczy\u0107 w cz\u0119\u015bci mentoringowej, kt\u00f3ra polega\u0107 b\u0119dzie na doborze mentora do uczestnika (w zale\u017cno\u015bci od preferencji uczestnika zwi\u0105zanych z zainteresowaniem konkretnych obszar\u00f3w badawczych) i konsultacje m\u0142odych os\u00f3b z mentorami \u2013 Naukowcami;<\/li>\n<li>cz\u0119\u015b\u0107 warsztatow\u0105 &#8220;Nauka &#8211; to dla mnie&#8221; podczas kt\u00f3rej uczniowie i uczennice, b\u0119d\u0105 mieli mo\u017cliwo\u015b\u0107 brania udzia\u0142u w interaktywnych warsztatach online, podczas kt\u00f3rych eksperci reprezentuj\u0105cy r\u00f3\u017cne dyscypliny nauki b\u0119d\u0105 prowadzi\u0107 warsztaty i seminaria, podczas kt\u00f3rych prezentowa\u0107 b\u0119d\u0105 wyniki swoich prac badawczych oraz osi\u0105gni\u0119\u0107 naukowych oraz charakterystyk\u0119 poszczeg\u00f3lnych dyscyplin naukowych, w spos\u00f3b przyst\u0119pny dla uczni\u00f3w szk\u00f3\u0142 ponadpodstawowych.<\/li>\n<\/ul>\n<p>Termin realizacji projektu: czerwiec 2024-sierpie\u0144 2025.<\/p>\n<p><\/p>\n<p><\/p>\t\t\t\t\t\t\t\t<\/div>\n\t\t\t\t<\/div>\n\t\t\t\t\t<\/div>\n\t\t<\/div>\n\t\t\t\t\t<\/div>\n\t\t<\/section>\n\t\t\t\t<\/div>\n\t\t","protected":false},"excerpt":{"rendered":"<p>Nullam ut tempor eros. Donec faucibus, velit et imperdiet aliquam, lacus velit luctus urna, vitae porttitor orci libero id felis.<\/p>\n","protected":false},"author":18,"featured_media":1451,"parent":0,"menu_order":0,"comment_status":"closed","ping_status":"closed","template":"","meta":{"_monsterinsights_skip_tracking":false,"_monsterinsights_sitenote_active":false,"_monsterinsights_sitenote_note":"","_monsterinsights_sitenote_category":0,"footnotes":""},"class_list":["post-17","page","type-page","status-publish","has-post-thumbnail","hentry"],"yoast_head":"<!-- This site is optimized with the Yoast SEO plugin v25.0 - https:\/\/yoast.com\/wordpress\/plugins\/seo\/ -->\n<title>O projekcie - Kopalnia M\u0142odych Naukowc\u00f3w<\/title>\n<meta name=\"robots\" content=\"index, follow, max-snippet:-1, max-image-preview:large, max-video-preview:-1\" \/>\n<link rel=\"canonical\" href=\"https:\/\/amu.pan.pl\/kmn\/our-history\/\" \/>\n<meta property=\"og:locale\" content=\"pl_PL\" \/>\n<meta property=\"og:type\" content=\"article\" \/>\n<meta property=\"og:title\" content=\"O projekcie - Kopalnia M\u0142odych Naukowc\u00f3w\" \/>\n<meta property=\"og:description\" content=\"Nullam ut tempor eros. Donec faucibus, velit et imperdiet aliquam, lacus velit luctus urna, vitae porttitor orci libero id felis.\" \/>\n<meta property=\"og:url\" content=\"https:\/\/amu.pan.pl\/kmn\/our-history\/\" \/>\n<meta property=\"og:site_name\" content=\"Kopalnia M\u0142odych Naukowc\u00f3w\" \/>\n<meta property=\"article:publisher\" content=\"https:\/\/www.facebook.com\/AkademiaMlodychUczonych\/\" \/>\n<meta property=\"article:modified_time\" content=\"2025-02-04T13:38:39+00:00\" \/>\n<meta property=\"og:image\" content=\"https:\/\/amu.pan.pl\/kmn\/wp-content\/uploads\/sites\/8\/2024\/03\/spons.png\" \/>\n\t<meta property=\"og:image:width\" content=\"639\" \/>\n\t<meta property=\"og:image:height\" content=\"400\" \/>\n\t<meta property=\"og:image:type\" content=\"image\/png\" \/>\n<meta name=\"twitter:card\" content=\"summary_large_image\" \/>\n<meta name=\"twitter:site\" content=\"@AMUPAN1\" \/>\n<meta name=\"twitter:label1\" content=\"Szacowany czas czytania\" \/>\n\t<meta name=\"twitter:data1\" content=\"1 minuta\" \/>\n<script type=\"application\/ld+json\" class=\"yoast-schema-graph\">{\"@context\":\"https:\/\/schema.org\",\"@graph\":[{\"@type\":\"WebPage\",\"@id\":\"https:\/\/amu.pan.pl\/kmn\/our-history\/\",\"url\":\"https:\/\/amu.pan.pl\/kmn\/our-history\/\",\"name\":\"O projekcie - Kopalnia M\u0142odych Naukowc\u00f3w\",\"isPartOf\":{\"@id\":\"https:\/\/amu.pan.pl\/kmn\/#website\"},\"primaryImageOfPage\":{\"@id\":\"https:\/\/amu.pan.pl\/kmn\/our-history\/#primaryimage\"},\"image\":{\"@id\":\"https:\/\/amu.pan.pl\/kmn\/our-history\/#primaryimage\"},\"thumbnailUrl\":\"https:\/\/amu.pan.pl\/kmn\/wp-content\/uploads\/sites\/8\/2024\/03\/spons.png\",\"datePublished\":\"2016-02-12T08:09:36+00:00\",\"dateModified\":\"2025-02-04T13:38:39+00:00\",\"breadcrumb\":{\"@id\":\"https:\/\/amu.pan.pl\/kmn\/our-history\/#breadcrumb\"},\"inLanguage\":\"pl-PL\",\"potentialAction\":[{\"@type\":\"ReadAction\",\"target\":[\"https:\/\/amu.pan.pl\/kmn\/our-history\/\"]}]},{\"@type\":\"ImageObject\",\"inLanguage\":\"pl-PL\",\"@id\":\"https:\/\/amu.pan.pl\/kmn\/our-history\/#primaryimage\",\"url\":\"https:\/\/amu.pan.pl\/kmn\/wp-content\/uploads\/sites\/8\/2024\/03\/spons.png\",\"contentUrl\":\"https:\/\/amu.pan.pl\/kmn\/wp-content\/uploads\/sites\/8\/2024\/03\/spons.png\",\"width\":639,\"height\":400},{\"@type\":\"BreadcrumbList\",\"@id\":\"https:\/\/amu.pan.pl\/kmn\/our-history\/#breadcrumb\",\"itemListElement\":[{\"@type\":\"ListItem\",\"position\":1,\"name\":\"Strona g\u0142\u00f3wna\",\"item\":\"https:\/\/amu.pan.pl\/kmn\/\"},{\"@type\":\"ListItem\",\"position\":2,\"name\":\"O projekcie\"}]},{\"@type\":\"WebSite\",\"@id\":\"https:\/\/amu.pan.pl\/kmn\/#website\",\"url\":\"https:\/\/amu.pan.pl\/kmn\/\",\"name\":\"Kopalnia M\u0142odych Naukowc\u00f3w\",\"description\":\"\",\"publisher\":{\"@id\":\"https:\/\/amu.pan.pl\/kmn\/#organization\"},\"potentialAction\":[{\"@type\":\"SearchAction\",\"target\":{\"@type\":\"EntryPoint\",\"urlTemplate\":\"https:\/\/amu.pan.pl\/kmn\/?s={search_term_string}\"},\"query-input\":{\"@type\":\"PropertyValueSpecification\",\"valueRequired\":true,\"valueName\":\"search_term_string\"}}],\"inLanguage\":\"pl-PL\"},{\"@type\":\"Organization\",\"@id\":\"https:\/\/amu.pan.pl\/kmn\/#organization\",\"name\":\"Kopalnia M\u0142odych Naukowc\u00f3w\",\"url\":\"https:\/\/amu.pan.pl\/kmn\/\",\"logo\":{\"@type\":\"ImageObject\",\"inLanguage\":\"pl-PL\",\"@id\":\"https:\/\/amu.pan.pl\/kmn\/#\/schema\/logo\/image\/\",\"url\":\"https:\/\/amu.pan.pl\/kmn\/wp-content\/uploads\/sites\/8\/2024\/03\/cropped-kopalnia_wide.png\",\"contentUrl\":\"https:\/\/amu.pan.pl\/kmn\/wp-content\/uploads\/sites\/8\/2024\/03\/cropped-kopalnia_wide.png\",\"width\":839,\"height\":189,\"caption\":\"Kopalnia M\u0142odych Naukowc\u00f3w\"},\"image\":{\"@id\":\"https:\/\/amu.pan.pl\/kmn\/#\/schema\/logo\/image\/\"},\"sameAs\":[\"https:\/\/www.facebook.com\/AkademiaMlodychUczonych\/\",\"https:\/\/x.com\/AMUPAN1\"]}]}<\/script>\n<!-- \/ Yoast SEO plugin. -->","yoast_head_json":{"title":"O projekcie - Kopalnia M\u0142odych Naukowc\u00f3w","robots":{"index":"index","follow":"follow","max-snippet":"max-snippet:-1","max-image-preview":"max-image-preview:large","max-video-preview":"max-video-preview:-1"},"canonical":"https:\/\/amu.pan.pl\/kmn\/our-history\/","og_locale":"pl_PL","og_type":"article","og_title":"O projekcie - Kopalnia M\u0142odych Naukowc\u00f3w","og_description":"Nullam ut tempor eros. Donec faucibus, velit et imperdiet aliquam, lacus velit luctus urna, vitae porttitor orci libero id felis.","og_url":"https:\/\/amu.pan.pl\/kmn\/our-history\/","og_site_name":"Kopalnia M\u0142odych Naukowc\u00f3w","article_publisher":"https:\/\/www.facebook.com\/AkademiaMlodychUczonych\/","article_modified_time":"2025-02-04T13:38:39+00:00","og_image":[{"width":639,"height":400,"url":"https:\/\/amu.pan.pl\/kmn\/wp-content\/uploads\/sites\/8\/2024\/03\/spons.png","type":"image\/png"}],"twitter_card":"summary_large_image","twitter_site":"@AMUPAN1","twitter_misc":{"Szacowany czas czytania":"1 minuta"},"schema":{"@context":"https:\/\/schema.org","@graph":[{"@type":"WebPage","@id":"https:\/\/amu.pan.pl\/kmn\/our-history\/","url":"https:\/\/amu.pan.pl\/kmn\/our-history\/","name":"O projekcie - Kopalnia M\u0142odych Naukowc\u00f3w","isPartOf":{"@id":"https:\/\/amu.pan.pl\/kmn\/#website"},"primaryImageOfPage":{"@id":"https:\/\/amu.pan.pl\/kmn\/our-history\/#primaryimage"},"image":{"@id":"https:\/\/amu.pan.pl\/kmn\/our-history\/#primaryimage"},"thumbnailUrl":"https:\/\/amu.pan.pl\/kmn\/wp-content\/uploads\/sites\/8\/2024\/03\/spons.png","datePublished":"2016-02-12T08:09:36+00:00","dateModified":"2025-02-04T13:38:39+00:00","breadcrumb":{"@id":"https:\/\/amu.pan.pl\/kmn\/our-history\/#breadcrumb"},"inLanguage":"pl-PL","potentialAction":[{"@type":"ReadAction","target":["https:\/\/amu.pan.pl\/kmn\/our-history\/"]}]},{"@type":"ImageObject","inLanguage":"pl-PL","@id":"https:\/\/amu.pan.pl\/kmn\/our-history\/#primaryimage","url":"https:\/\/amu.pan.pl\/kmn\/wp-content\/uploads\/sites\/8\/2024\/03\/spons.png","contentUrl":"https:\/\/amu.pan.pl\/kmn\/wp-content\/uploads\/sites\/8\/2024\/03\/spons.png","width":639,"height":400},{"@type":"BreadcrumbList","@id":"https:\/\/amu.pan.pl\/kmn\/our-history\/#breadcrumb","itemListElement":[{"@type":"ListItem","position":1,"name":"Strona g\u0142\u00f3wna","item":"https:\/\/amu.pan.pl\/kmn\/"},{"@type":"ListItem","position":2,"name":"O projekcie"}]},{"@type":"WebSite","@id":"https:\/\/amu.pan.pl\/kmn\/#website","url":"https:\/\/amu.pan.pl\/kmn\/","name":"Kopalnia M\u0142odych Naukowc\u00f3w","description":"","publisher":{"@id":"https:\/\/amu.pan.pl\/kmn\/#organization"},"potentialAction":[{"@type":"SearchAction","target":{"@type":"EntryPoint","urlTemplate":"https:\/\/amu.pan.pl\/kmn\/?s={search_term_string}"},"query-input":{"@type":"PropertyValueSpecification","valueRequired":true,"valueName":"search_term_string"}}],"inLanguage":"pl-PL"},{"@type":"Organization","@id":"https:\/\/amu.pan.pl\/kmn\/#organization","name":"Kopalnia M\u0142odych Naukowc\u00f3w","url":"https:\/\/amu.pan.pl\/kmn\/","logo":{"@type":"ImageObject","inLanguage":"pl-PL","@id":"https:\/\/amu.pan.pl\/kmn\/#\/schema\/logo\/image\/","url":"https:\/\/amu.pan.pl\/kmn\/wp-content\/uploads\/sites\/8\/2024\/03\/cropped-kopalnia_wide.png","contentUrl":"https:\/\/amu.pan.pl\/kmn\/wp-content\/uploads\/sites\/8\/2024\/03\/cropped-kopalnia_wide.png","width":839,"height":189,"caption":"Kopalnia M\u0142odych Naukowc\u00f3w"},"image":{"@id":"https:\/\/amu.pan.pl\/kmn\/#\/schema\/logo\/image\/"},"sameAs":["https:\/\/www.facebook.com\/AkademiaMlodychUczonych\/","https:\/\/x.com\/AMUPAN1"]}]}},"_links":{"self":[{"href":"https:\/\/amu.pan.pl\/kmn\/wp-json\/wp\/v2\/pages\/17","targetHints":{"allow":["GET"]}}],"collection":[{"href":"https:\/\/amu.pan.pl\/kmn\/wp-json\/wp\/v2\/pages"}],"about":[{"href":"https:\/\/amu.pan.pl\/kmn\/wp-json\/wp\/v2\/types\/page"}],"author":[{"embeddable":true,"href":"https:\/\/amu.pan.pl\/kmn\/wp-json\/wp\/v2\/users\/18"}],"replies":[{"embeddable":true,"href":"https:\/\/amu.pan.pl\/kmn\/wp-json\/wp\/v2\/comments?post=17"}],"version-history":[{"count":8,"href":"https:\/\/amu.pan.pl\/kmn\/wp-json\/wp\/v2\/pages\/17\/revisions"}],"predecessor-version":[{"id":1595,"href":"https:\/\/amu.pan.pl\/kmn\/wp-json\/wp\/v2\/pages\/17\/revisions\/1595"}],"wp:featuredmedia":[{"embeddable":true,"href":"https:\/\/amu.pan.pl\/kmn\/wp-json\/wp\/v2\/media\/1451"}],"wp:attachment":[{"href":"https:\/\/amu.pan.pl\/kmn\/wp-json\/wp\/v2\/media?parent=17"}],"curies":[{"name":"wp","href":"https:\/\/api.w.org\/{rel}","templated":true}]}}