{"id":37,"date":"2023-05-17T13:45:20","date_gmt":"2023-05-17T11:45:20","guid":{"rendered":"https:\/\/amu.pan.pl\/kmtamu\/?page_id=37"},"modified":"2025-04-15T14:43:23","modified_gmt":"2025-04-15T12:43:23","slug":"wazne-terminy","status":"publish","type":"page","link":"https:\/\/amu.pan.pl\/kmtamu\/uczestnicy\/wazne-terminy\/","title":{"rendered":"Wa\u017cne terminy"},"content":{"rendered":"\t\t<div data-elementor-type=\"wp-page\" data-elementor-id=\"37\" class=\"elementor elementor-37\">\n\t\t\t\t\t\t<section class=\"elementor-section elementor-top-section elementor-element elementor-element-4621913 elementor-section-boxed elementor-section-height-default elementor-section-height-default\" data-id=\"4621913\" data-element_type=\"section\">\n\t\t\t\t\t\t<div class=\"elementor-container elementor-column-gap-default\">\n\t\t\t\t\t<div class=\"elementor-column elementor-col-100 elementor-top-column elementor-element elementor-element-2077948\" data-id=\"2077948\" data-element_type=\"column\">\n\t\t\t<div class=\"elementor-widget-wrap elementor-element-populated\">\n\t\t\t\t\t\t<div class=\"elementor-element elementor-element-e15fc30 elementor-widget elementor-widget-text-editor\" data-id=\"e15fc30\" data-element_type=\"widget\" data-widget_type=\"text-editor.default\">\n\t\t\t\t<div class=\"elementor-widget-container\">\n\t\t\t\t\t\t\t\t\t<ul>\n<li><span style=\"text-decoration: underline;\">I runda naboru: do 15.06.2025<\/span><\/li>\n<li>II runda naboru: do 30.06.2025<\/li>\n<li>Zako\u0144czenie naboru &#8211; 30.06.2025<\/li>\n<li>Poinformowanie uczestnik\u00f3w o zakwalifikowaniu si\u0119 &#8211; do 15.07.2025<\/li>\n<li>Termin na dokonanie wp\u0142at od uczestnik\u00f3w &#8211; do 30.07.2025<\/li>\n<li>Zamkni\u0119cie listy uczestnik\u00f3w &#8211; 15.08.2025<\/li>\n<\/ul>\t\t\t\t\t\t\t\t<\/div>\n\t\t\t\t<\/div>\n\t\t\t\t\t<\/div>\n\t\t<\/div>\n\t\t\t\t\t<\/div>\n\t\t<\/section>\n\t\t\t\t<\/div>\n\t\t","protected":false},"excerpt":{"rendered":"<p>I runda naboru: do 15.06.2025 II runda naboru: do 30.06.2025 Zako\u0144czenie naboru &#8211; 30.06.2025 Poinformowanie uczestnik\u00f3w o zakwalifikowaniu si\u0119 &#8211; do 15.07.2025 Termin na dokonanie wp\u0142at od uczestnik\u00f3w &#8211; do 30.07.2025 Zamkni\u0119cie listy uczestnik\u00f3w &#8211; 15.08.2025<\/p>\n","protected":false},"author":2,"featured_media":0,"parent":41,"menu_order":0,"comment_status":"closed","ping_status":"closed","template":"","meta":{"_monsterinsights_skip_tracking":false,"_monsterinsights_sitenote_active":false,"_monsterinsights_sitenote_note":"","_monsterinsights_sitenote_category":0,"footnotes":""},"class_list":["post-37","page","type-page","status-publish"],"yoast_head":"<!-- This site is optimized with the Yoast SEO plugin v25.0 - https:\/\/yoast.com\/wordpress\/plugins\/seo\/ -->\n<title>Wa\u017cne terminy - Ku\u017ania M\u0142odych Talent\u00f3w<\/title>\n<meta name=\"robots\" content=\"index, follow, max-snippet:-1, max-image-preview:large, max-video-preview:-1\" \/>\n<link rel=\"canonical\" href=\"https:\/\/amu.pan.pl\/kmtamu\/uczestnicy\/wazne-terminy\/\" \/>\n<meta property=\"og:locale\" content=\"pl_PL\" \/>\n<meta property=\"og:type\" content=\"article\" \/>\n<meta property=\"og:title\" content=\"Wa\u017cne terminy - Ku\u017ania M\u0142odych Talent\u00f3w\" \/>\n<meta property=\"og:description\" content=\"I runda naboru: do 15.06.2025 II runda naboru: do 30.06.2025 Zako\u0144czenie naboru &#8211; 30.06.2025 Poinformowanie uczestnik\u00f3w o zakwalifikowaniu si\u0119 &#8211; do 15.07.2025 Termin na dokonanie wp\u0142at od uczestnik\u00f3w &#8211; do 30.07.2025 Zamkni\u0119cie listy uczestnik\u00f3w &#8211; 15.08.2025\" \/>\n<meta property=\"og:url\" content=\"https:\/\/amu.pan.pl\/kmtamu\/uczestnicy\/wazne-terminy\/\" \/>\n<meta property=\"og:site_name\" content=\"Ku\u017ania M\u0142odych Talent\u00f3w\" \/>\n<meta property=\"article:publisher\" content=\"https:\/\/www.facebook.com\/AkademiaMlodychUczonych\/\" \/>\n<meta property=\"article:modified_time\" content=\"2025-04-15T12:43:23+00:00\" \/>\n<meta name=\"twitter:card\" content=\"summary_large_image\" \/>\n<meta name=\"twitter:site\" content=\"@AMUPAN1\" \/>\n<meta name=\"twitter:label1\" content=\"Szacowany czas czytania\" \/>\n\t<meta name=\"twitter:data1\" content=\"1 minuta\" \/>\n<script type=\"application\/ld+json\" class=\"yoast-schema-graph\">{\"@context\":\"https:\/\/schema.org\",\"@graph\":[{\"@type\":\"WebPage\",\"@id\":\"https:\/\/amu.pan.pl\/kmtamu\/uczestnicy\/wazne-terminy\/\",\"url\":\"https:\/\/amu.pan.pl\/kmtamu\/uczestnicy\/wazne-terminy\/\",\"name\":\"Wa\u017cne terminy - Ku\u017ania M\u0142odych Talent\u00f3w\",\"isPartOf\":{\"@id\":\"https:\/\/amu.pan.pl\/kmtamu\/#website\"},\"datePublished\":\"2023-05-17T11:45:20+00:00\",\"dateModified\":\"2025-04-15T12:43:23+00:00\",\"breadcrumb\":{\"@id\":\"https:\/\/amu.pan.pl\/kmtamu\/uczestnicy\/wazne-terminy\/#breadcrumb\"},\"inLanguage\":\"pl-PL\",\"potentialAction\":[{\"@type\":\"ReadAction\",\"target\":[\"https:\/\/amu.pan.pl\/kmtamu\/uczestnicy\/wazne-terminy\/\"]}]},{\"@type\":\"BreadcrumbList\",\"@id\":\"https:\/\/amu.pan.pl\/kmtamu\/uczestnicy\/wazne-terminy\/#breadcrumb\",\"itemListElement\":[{\"@type\":\"ListItem\",\"position\":1,\"name\":\"Strona g\u0142\u00f3wna\",\"item\":\"https:\/\/amu.pan.pl\/kmtamu\/\"},{\"@type\":\"ListItem\",\"position\":2,\"name\":\"Uczestnicy\",\"item\":\"https:\/\/amu.pan.pl\/kmtamu\/uczestnicy\/\"},{\"@type\":\"ListItem\",\"position\":3,\"name\":\"Wa\u017cne terminy\"}]},{\"@type\":\"WebSite\",\"@id\":\"https:\/\/amu.pan.pl\/kmtamu\/#website\",\"url\":\"https:\/\/amu.pan.pl\/kmtamu\/\",\"name\":\"Ku\u017ania M\u0142odych Talent\u00f3w\",\"description\":\"Kolejna witryna sieci &#8222;Akademia M\u0142odych Uczonych&#8221;\",\"publisher\":{\"@id\":\"https:\/\/amu.pan.pl\/kmtamu\/#organization\"},\"potentialAction\":[{\"@type\":\"SearchAction\",\"target\":{\"@type\":\"EntryPoint\",\"urlTemplate\":\"https:\/\/amu.pan.pl\/kmtamu\/?s={search_term_string}\"},\"query-input\":{\"@type\":\"PropertyValueSpecification\",\"valueRequired\":true,\"valueName\":\"search_term_string\"}}],\"inLanguage\":\"pl-PL\"},{\"@type\":\"Organization\",\"@id\":\"https:\/\/amu.pan.pl\/kmtamu\/#organization\",\"name\":\"Ku\u017ania M\u0142odych Talent\u00f3w\",\"url\":\"https:\/\/amu.pan.pl\/kmtamu\/\",\"logo\":{\"@type\":\"ImageObject\",\"inLanguage\":\"pl-PL\",\"@id\":\"https:\/\/amu.pan.pl\/kmtamu\/#\/schema\/logo\/image\/\",\"url\":\"https:\/\/amu.pan.pl\/kmtamu\/wp-content\/uploads\/sites\/5\/2024\/03\/cropped-KMT_logo.jpg\",\"contentUrl\":\"https:\/\/amu.pan.pl\/kmtamu\/wp-content\/uploads\/sites\/5\/2024\/03\/cropped-KMT_logo.jpg\",\"width\":1031,\"height\":421,\"caption\":\"Ku\u017ania M\u0142odych Talent\u00f3w\"},\"image\":{\"@id\":\"https:\/\/amu.pan.pl\/kmtamu\/#\/schema\/logo\/image\/\"},\"sameAs\":[\"https:\/\/www.facebook.com\/AkademiaMlodychUczonych\/\",\"https:\/\/x.com\/AMUPAN1\"]}]}<\/script>\n<!-- \/ Yoast SEO plugin. -->","yoast_head_json":{"title":"Wa\u017cne terminy - Ku\u017ania M\u0142odych Talent\u00f3w","robots":{"index":"index","follow":"follow","max-snippet":"max-snippet:-1","max-image-preview":"max-image-preview:large","max-video-preview":"max-video-preview:-1"},"canonical":"https:\/\/amu.pan.pl\/kmtamu\/uczestnicy\/wazne-terminy\/","og_locale":"pl_PL","og_type":"article","og_title":"Wa\u017cne terminy - Ku\u017ania M\u0142odych Talent\u00f3w","og_description":"I runda naboru: do 15.06.2025 II runda naboru: do 30.06.2025 Zako\u0144czenie naboru &#8211; 30.06.2025 Poinformowanie uczestnik\u00f3w o zakwalifikowaniu si\u0119 &#8211; do 15.07.2025 Termin na dokonanie wp\u0142at od uczestnik\u00f3w &#8211; do 30.07.2025 Zamkni\u0119cie listy uczestnik\u00f3w &#8211; 15.08.2025","og_url":"https:\/\/amu.pan.pl\/kmtamu\/uczestnicy\/wazne-terminy\/","og_site_name":"Ku\u017ania M\u0142odych Talent\u00f3w","article_publisher":"https:\/\/www.facebook.com\/AkademiaMlodychUczonych\/","article_modified_time":"2025-04-15T12:43:23+00:00","twitter_card":"summary_large_image","twitter_site":"@AMUPAN1","twitter_misc":{"Szacowany czas czytania":"1 minuta"},"schema":{"@context":"https:\/\/schema.org","@graph":[{"@type":"WebPage","@id":"https:\/\/amu.pan.pl\/kmtamu\/uczestnicy\/wazne-terminy\/","url":"https:\/\/amu.pan.pl\/kmtamu\/uczestnicy\/wazne-terminy\/","name":"Wa\u017cne terminy - Ku\u017ania M\u0142odych Talent\u00f3w","isPartOf":{"@id":"https:\/\/amu.pan.pl\/kmtamu\/#website"},"datePublished":"2023-05-17T11:45:20+00:00","dateModified":"2025-04-15T12:43:23+00:00","breadcrumb":{"@id":"https:\/\/amu.pan.pl\/kmtamu\/uczestnicy\/wazne-terminy\/#breadcrumb"},"inLanguage":"pl-PL","potentialAction":[{"@type":"ReadAction","target":["https:\/\/amu.pan.pl\/kmtamu\/uczestnicy\/wazne-terminy\/"]}]},{"@type":"BreadcrumbList","@id":"https:\/\/amu.pan.pl\/kmtamu\/uczestnicy\/wazne-terminy\/#breadcrumb","itemListElement":[{"@type":"ListItem","position":1,"name":"Strona g\u0142\u00f3wna","item":"https:\/\/amu.pan.pl\/kmtamu\/"},{"@type":"ListItem","position":2,"name":"Uczestnicy","item":"https:\/\/amu.pan.pl\/kmtamu\/uczestnicy\/"},{"@type":"ListItem","position":3,"name":"Wa\u017cne terminy"}]},{"@type":"WebSite","@id":"https:\/\/amu.pan.pl\/kmtamu\/#website","url":"https:\/\/amu.pan.pl\/kmtamu\/","name":"Ku\u017ania M\u0142odych Talent\u00f3w","description":"Kolejna witryna sieci &#8222;Akademia M\u0142odych Uczonych&#8221;","publisher":{"@id":"https:\/\/amu.pan.pl\/kmtamu\/#organization"},"potentialAction":[{"@type":"SearchAction","target":{"@type":"EntryPoint","urlTemplate":"https:\/\/amu.pan.pl\/kmtamu\/?s={search_term_string}"},"query-input":{"@type":"PropertyValueSpecification","valueRequired":true,"valueName":"search_term_string"}}],"inLanguage":"pl-PL"},{"@type":"Organization","@id":"https:\/\/amu.pan.pl\/kmtamu\/#organization","name":"Ku\u017ania M\u0142odych Talent\u00f3w","url":"https:\/\/amu.pan.pl\/kmtamu\/","logo":{"@type":"ImageObject","inLanguage":"pl-PL","@id":"https:\/\/amu.pan.pl\/kmtamu\/#\/schema\/logo\/image\/","url":"https:\/\/amu.pan.pl\/kmtamu\/wp-content\/uploads\/sites\/5\/2024\/03\/cropped-KMT_logo.jpg","contentUrl":"https:\/\/amu.pan.pl\/kmtamu\/wp-content\/uploads\/sites\/5\/2024\/03\/cropped-KMT_logo.jpg","width":1031,"height":421,"caption":"Ku\u017ania M\u0142odych Talent\u00f3w"},"image":{"@id":"https:\/\/amu.pan.pl\/kmtamu\/#\/schema\/logo\/image\/"},"sameAs":["https:\/\/www.facebook.com\/AkademiaMlodychUczonych\/","https:\/\/x.com\/AMUPAN1"]}]}},"_links":{"self":[{"href":"https:\/\/amu.pan.pl\/kmtamu\/wp-json\/wp\/v2\/pages\/37","targetHints":{"allow":["GET"]}}],"collection":[{"href":"https:\/\/amu.pan.pl\/kmtamu\/wp-json\/wp\/v2\/pages"}],"about":[{"href":"https:\/\/amu.pan.pl\/kmtamu\/wp-json\/wp\/v2\/types\/page"}],"author":[{"embeddable":true,"href":"https:\/\/amu.pan.pl\/kmtamu\/wp-json\/wp\/v2\/users\/2"}],"replies":[{"embeddable":true,"href":"https:\/\/amu.pan.pl\/kmtamu\/wp-json\/wp\/v2\/comments?post=37"}],"version-history":[{"count":25,"href":"https:\/\/amu.pan.pl\/kmtamu\/wp-json\/wp\/v2\/pages\/37\/revisions"}],"predecessor-version":[{"id":620,"href":"https:\/\/amu.pan.pl\/kmtamu\/wp-json\/wp\/v2\/pages\/37\/revisions\/620"}],"up":[{"embeddable":true,"href":"https:\/\/amu.pan.pl\/kmtamu\/wp-json\/wp\/v2\/pages\/41"}],"wp:attachment":[{"href":"https:\/\/amu.pan.pl\/kmtamu\/wp-json\/wp\/v2\/media?parent=37"}],"curies":[{"name":"wp","href":"https:\/\/api.w.org\/{rel}","templated":true}]}}

Ważne terminy

<div data-elementor-type="wp-page" data-elementor-id="37" class="elementor elementor-37">
						<section class="elementor-section elementor-top-section elementor-element elementor-element-4621913 elementor-section-boxed elementor-section-height-default elementor-section-height-default" data-id="4621913" data-element_type="section">
						<div class="elementor-container elementor-column-gap-default">
					<div class="elementor-column elementor-col-100 elementor-top-column elementor-element elementor-element-2077948" data-id="2077948" data-element_type="column">
			<div class="elementor-widget-wrap elementor-element-populated">
						<div class="elementor-element elementor-element-e15fc30 elementor-widget elementor-widget-text-editor" data-id="e15fc30" data-element_type="widget" data-widget_type="text-editor.default">
				<div class="elementor-widget-container">
									<ul>
<li><span style="text-decoration: underline;">I runda naboru: do 15.06.2025</span></li>
<li>II runda naboru: do 30.06.2025</li>
<li>Zakończenie naboru &#8211; 30.06.2025</li>
<li>Poinformowanie uczestników o zakwalifikowaniu się &#8211; do 15.07.2025</li>
<li>Termin na dokonanie wpłat od uczestników &#8211; do 30.07.2025</li>
<li>Zamknięcie listy uczestników &#8211; 15.08.2025</li>
</ul>								</div>
				</div>
					</div>
		</div>
					</div>
		</section>
				</div>

<p>I runda naboru: do 15.06.2025 II runda naboru: do 30.06.2025 Zakończenie naboru &#8211; 30.06.2025 Poinformowanie uczestników o zakwalifikowaniu się &#8211; do 15.07.2025 Termin na dokonanie wpłat od uczestników &#8211; do 30.07.2025 Zamknięcie listy uczestników &#8211; 15.08.2025</p>

<!-- This site is optimized with the Yoast SEO plugin v25.0 - https://yoast.com/wordpress/plugins/seo/ -->
<title>Ważne terminy - Kuźnia Młodych Talentów</title>
<meta name="robots" content="index, follow, max-snippet:-1, max-image-preview:large, max-video-preview:-1" />
<link rel="canonical" href="https://amu.pan.pl/kmtamu/uczestnicy/wazne-terminy/" />
<meta property="og:locale" content="pl_PL" />
<meta property="og:type" content="article" />
<meta property="og:title" content="Ważne terminy - Kuźnia Młodych Talentów" />
<meta property="og:description" content="I runda naboru: do 15.06.2025 II runda naboru: do 30.06.2025 Zakończenie naboru &#8211; 30.06.2025 Poinformowanie uczestników o zakwalifikowaniu się &#8211; do 15.07.2025 Termin na dokonanie wpłat od uczestników &#8211; do 30.07.2025 Zamknięcie listy uczestników &#8211; 15.08.2025" />
<meta property="og:url" content="https://amu.pan.pl/kmtamu/uczestnicy/wazne-terminy/" />
<meta property="og:site_name" content="Kuźnia Młodych Talentów" />
<meta property="article:publisher" content="https://www.facebook.com/AkademiaMlodychUczonych/" />
<meta property="article:modified_time" content="2025-04-15T12:43:23+00:00" />
<meta name="twitter:card" content="summary_large_image" />
<meta name="twitter:site" content="@AMUPAN1" />
<meta name="twitter:label1" content="Szacowany czas czytania" />
	<meta name="twitter:data1" content="1 minuta" />
<script type="application/ld+json" class="yoast-schema-graph">{"@context":"https://schema.org","@graph":[{"@type":"WebPage","@id":"https://amu.pan.pl/kmtamu/uczestnicy/wazne-terminy/","url":"https://amu.pan.pl/kmtamu/uczestnicy/wazne-terminy/","name":"Ważne terminy - Kuźnia Młodych Talentów","isPartOf":{"@id":"https://amu.pan.pl/kmtamu/#website"},"datePublished":"2023-05-17T11:45:20+00:00","dateModified":"2025-04-15T12:43:23+00:00","breadcrumb":{"@id":"https://amu.pan.pl/kmtamu/uczestnicy/wazne-terminy/#breadcrumb"},"inLanguage":"pl-PL","potentialAction":[{"@type":"ReadAction","target":["https://amu.pan.pl/kmtamu/uczestnicy/wazne-terminy/"]}]},{"@type":"BreadcrumbList","@id":"https://amu.pan.pl/kmtamu/uczestnicy/wazne-terminy/#breadcrumb","itemListElement":[{"@type":"ListItem","position":1,"name":"Strona główna","item":"https://amu.pan.pl/kmtamu/"},{"@type":"ListItem","position":2,"name":"Uczestnicy","item":"https://amu.pan.pl/kmtamu/uczestnicy/"},{"@type":"ListItem","position":3,"name":"Ważne terminy"}]},{"@type":"WebSite","@id":"https://amu.pan.pl/kmtamu/#website","url":"https://amu.pan.pl/kmtamu/","name":"Kuźnia Młodych Talentów","description":"Kolejna witryna sieci &#8222;Akademia Młodych Uczonych&#8221;","publisher":{"@id":"https://amu.pan.pl/kmtamu/#organization"},"potentialAction":[{"@type":"SearchAction","target":{"@type":"EntryPoint","urlTemplate":"https://amu.pan.pl/kmtamu/?s={search_term_string}"},"query-input":{"@type":"PropertyValueSpecification","valueRequired":true,"valueName":"search_term_string"}}],"inLanguage":"pl-PL"},{"@type":"Organization","@id":"https://amu.pan.pl/kmtamu/#organization","name":"Kuźnia Młodych Talentów","url":"https://amu.pan.pl/kmtamu/","logo":{"@type":"ImageObject","inLanguage":"pl-PL","@id":"https://amu.pan.pl/kmtamu/#/schema/logo/image/","url":"https://amu.pan.pl/kmtamu/wp-content/uploads/sites/5/2024/03/cropped-KMT_logo.jpg","contentUrl":"https://amu.pan.pl/kmtamu/wp-content/uploads/sites/5/2024/03/cropped-KMT_logo.jpg","width":1031,"height":421,"caption":"Kuźnia Młodych Talentów"},"image":{"@id":"https://amu.pan.pl/kmtamu/#/schema/logo/image/"},"sameAs":["https://www.facebook.com/AkademiaMlodychUczonych/","https://x.com/AMUPAN1"]}]}</script>
<!-- / Yoast SEO plugin. -->

Ważne terminy - Kuźnia Młodych Talentów

I runda naboru: do 15.06.2025 II runda naboru: do 30.06.2025 Zakończenie naboru &#8211; 30.06.2025 Poinformowanie uczestników o zakwalifikowaniu się &#8211; do 15.07.2025 Termin na dokonanie wpłat od uczestników &#8211; do 30.07.2025 Zamknięcie listy uczestników &#8211; 15.08.2025

Kuźnia Młodych Talentów

Strona główna

Kolejna witryna sieci &#8222;Akademia Młodych Uczonych&#8221;
